Last updated on 2024-05-04 13:49:18 CEST.
Flavor | Version | Tinstall | Tcheck | Ttotal | Status | Flags |
---|---|---|---|---|---|---|
r-devel-linux-x86_64-debian-clang | 0.1 | 1.85 | 21.11 | 22.96 | NOTE | |
r-devel-linux-x86_64-debian-gcc | 0.1 | 1.51 | 16.21 | 17.72 | NOTE | |
r-devel-linux-x86_64-fedora-clang | 0.1 | 28.64 | NOTE | |||
r-devel-linux-x86_64-fedora-gcc | 0.1 | 27.57 | NOTE | |||
r-devel-windows-x86_64 | 0.1 | 3.00 | 45.00 | 48.00 | NOTE | |
r-patched-linux-x86_64 | 0.1 | 1.81 | 19.69 | 21.50 | NOTE | |
r-release-linux-x86_64 | 0.1 | 1.87 | 20.38 | 22.25 | NOTE | |
r-release-macos-arm64 | 0.1 | 13.00 | NOTE | |||
r-release-windows-x86_64 | 0.1 | 3.00 | 38.00 | 41.00 | NOTE | |
r-oldrel-macos-arm64 | 0.1 | 15.00 | NOTE | |||
r-oldrel-macos-x86_64 | 0.1 | 18.00 | NOTE | |||
r-oldrel-windows-x86_64 | 0.1 | 3.00 | 36.00 | 39.00 | NOTE |
Version: 0.1
Check: LazyData
Result: NOTE
'LazyData' is specified without a 'data' directory
Flavors: r-devel-linux-x86_64-debian-clang, r-devel-linux-x86_64-debian-gcc, r-devel-linux-x86_64-fedora-clang, r-devel-linux-x86_64-fedora-gcc, r-devel-windows-x86_64, r-patched-linux-x86_64, r-release-linux-x86_64, r-release-macos-arm64, r-release-windows-x86_64, r-oldrel-macos-arm64, r-oldrel-macos-x86_64, r-oldrel-windows-x86_64