Last updated on 2024-05-04 13:49:18 CEST.
Flavor | Version | Tinstall | Tcheck | Ttotal | Status | Flags |
---|---|---|---|---|---|---|
r-devel-linux-x86_64-debian-clang | 0.0.1 | 3.59 | 55.02 | 58.61 | OK | |
r-devel-linux-x86_64-debian-gcc | 0.0.1 | 3.15 | 44.90 | 48.05 | OK | |
r-devel-linux-x86_64-fedora-clang | 0.0.1 | 75.10 | NOTE | |||
r-devel-linux-x86_64-fedora-gcc | 0.0.1 | 89.16 | NOTE | |||
r-devel-windows-x86_64 | 0.0.1 | 6.00 | 64.00 | 70.00 | OK | |
r-patched-linux-x86_64 | 0.0.1 | 3.17 | 56.97 | 60.14 | OK | |
r-release-linux-x86_64 | 0.0.1 | 2.66 | 58.11 | 60.77 | OK | |
r-release-macos-arm64 | 0.0.1 | 33.00 | OK | |||
r-release-windows-x86_64 | 0.0.1 | 5.00 | 63.00 | 68.00 | OK | |
r-oldrel-macos-arm64 | 0.0.1 | 33.00 | OK | |||
r-oldrel-macos-x86_64 | 0.0.1 | 56.00 | OK | |||
r-oldrel-windows-x86_64 | 0.0.1 | 6.00 | 67.00 | 73.00 | OK |
Version: 0.0.1
Check: dependencies in R code
Result: NOTE
Namespace in Imports field not imported from: ‘quadprog’
All declared Imports should be used.
Flavors: r-devel-linux-x86_64-fedora-clang, r-devel-linux-x86_64-fedora-gcc