Last updated on 2024-05-04 13:49:18 CEST.
Flavor | Version | Tinstall | Tcheck | Ttotal | Status | Flags |
---|---|---|---|---|---|---|
r-devel-linux-x86_64-debian-clang | 1.0.0.1 | 18.57 | 42.95 | 61.52 | NOTE | |
r-devel-linux-x86_64-debian-gcc | 1.0.0.1 | 16.59 | 30.95 | 47.54 | NOTE | |
r-devel-linux-x86_64-fedora-clang | 1.0.0.1 | 76.40 | NOTE | |||
r-devel-linux-x86_64-fedora-gcc | 1.0.0.1 | 78.41 | NOTE | |||
r-devel-windows-x86_64 | 1.0.0.1 | 19.00 | 64.00 | 83.00 | NOTE | |
r-patched-linux-x86_64 | 1.0.0.1 | 20.08 | 39.03 | 59.11 | OK | |
r-release-linux-x86_64 | 1.0.0.1 | 20.73 | 40.33 | 61.06 | OK | |
r-release-macos-arm64 | 1.0.0.1 | 25.00 | OK | |||
r-release-windows-x86_64 | 1.0.0.1 | 19.00 | 62.00 | 81.00 | OK | |
r-oldrel-macos-arm64 | 1.0.0.1 | 29.00 | OK | |||
r-oldrel-macos-x86_64 | 1.0.0.1 | 62.00 | OK | |||
r-oldrel-windows-x86_64 | 1.0.0.1 | 21.00 | 63.00 | 84.00 | OK |
Version: 1.0.0.1
Check: compiled code
Result: NOTE
File ‘RMVL/libs/RMVL.so’:
Found non-API call to R: ‘SETLENGTH’
Compiled code should not call non-API entry points in R.
See ‘Writing portable packages’ in the ‘Writing R Extensions’ manual.
Flavors: r-devel-linux-x86_64-debian-clang, r-devel-linux-x86_64-debian-gcc, r-devel-linux-x86_64-fedora-clang, r-devel-linux-x86_64-fedora-gcc
Version: 1.0.0.1
Check: compiled code
Result: NOTE
File 'RMVL/libs/x64/RMVL.dll':
Found non-API call to R: 'SETLENGTH'
Compiled code should not call non-API entry points in R.
See 'Writing portable packages' in the 'Writing R Extensions' manual.
Flavor: r-devel-windows-x86_64