Last updated on 2024-05-04 13:49:18 CEST.
Flavor | Version | Tinstall | Tcheck | Ttotal | Status | Flags |
---|---|---|---|---|---|---|
r-devel-linux-x86_64-debian-clang | 4.0.11 | 400.37 | 158.57 | 558.94 | OK | |
r-devel-linux-x86_64-debian-gcc | 4.0.11 | 317.23 | 121.56 | 438.79 | OK | |
r-devel-linux-x86_64-fedora-clang | 4.0.11 | 778.80 | OK | |||
r-devel-linux-x86_64-fedora-gcc | 4.0.11 | 801.41 | OK | |||
r-devel-windows-x86_64 | 4.0.11 | 307.00 | 228.00 | 535.00 | OK | |
r-patched-linux-x86_64 | 4.0.11 | 397.35 | 155.52 | 552.87 | OK | |
r-release-linux-x86_64 | 4.0.11 | 380.39 | 151.38 | 531.77 | OK | |
r-release-macos-arm64 | 4.0.11 | 153.00 | NOTE | |||
r-release-windows-x86_64 | 4.0.11 | 290.00 | 222.00 | 512.00 | OK | |
r-oldrel-macos-arm64 | 4.0.11 | 135.00 | NOTE | |||
r-oldrel-macos-x86_64 | 4.0.11 | 226.00 | NOTE | |||
r-oldrel-windows-x86_64 | 4.0.11 | 362.00 | 225.00 | 587.00 | OK |
Version: 4.0.11
Check: installed package size
Result: NOTE
installed size is 30.5Mb
sub-directories of 1Mb or more:
libs 30.3Mb
Flavors: r-release-macos-arm64, r-oldrel-macos-arm64, r-oldrel-macos-x86_64