Last updated on 2024-05-04 05:50:32 CEST.
Flavor | Version | Tinstall | Tcheck | Ttotal | Status | Flags |
---|---|---|---|---|---|---|
r-devel-linux-x86_64-debian-clang | 0.1.4 | 1.08 | 2.52 | 3.60 | ERROR | |
r-devel-linux-x86_64-fedora-clang | 0.1.4 | 749.32 | NOTE | |||
r-devel-linux-x86_64-fedora-gcc | 0.1.4 | 711.52 | OK | |||
r-devel-windows-x86_64 | 0.1.4 | 34.00 | 384.00 | 418.00 | NOTE | |
r-patched-linux-x86_64 | 0.1.4 | 35.63 | 517.74 | 553.37 | OK | |
r-release-linux-x86_64 | 0.1.4 | 24.52 | 503.95 | 528.47 | OK | |
r-release-macos-arm64 | 0.1.4 | 185.00 | NOTE | |||
r-release-macos-x86_64 | 0.1.4 | 393.00 | NOTE | |||
r-release-windows-x86_64 | 0.1.4 | 32.00 | 484.00 | 516.00 | NOTE | |
r-oldrel-macos-arm64 | 0.1.4 | 6.00 | ERROR | |||
r-oldrel-macos-x86_64 | 0.1.4 | 334.00 | NOTE | |||
r-oldrel-windows-x86_64 | 0.1.4 | 46.00 | 499.00 | 545.00 | NOTE |
Version: 0.1.4
Check: package dependencies
Result: ERROR
Packages required but not available:
'AnnotationHub', 'AnnotationFilter', 'ensembldb', 'DESeq2',
'SummarizedExperiment'
Packages suggested but not available for checking: 'recount3', 'apeglm'
See section ‘The DESCRIPTION file’ in the ‘Writing R Extensions’
manual.
Flavor: r-devel-linux-x86_64-debian-clang
Version: 0.1.4
Check: package dependencies
Result: NOTE
Imports includes 24 non-default packages.
Importing from so many packages makes the package vulnerable to any of
them becoming unavailable. Move as many as possible to Suggests and
use conditionally.
Flavor: r-devel-linux-x86_64-fedora-clang
Version: 0.1.4
Check: installed package size
Result: NOTE
installed size is 5.8Mb
sub-directories of 1Mb or more:
data 3.4Mb
doc 2.2Mb
Flavors: r-devel-linux-x86_64-fedora-clang, r-devel-windows-x86_64, r-release-macos-arm64, r-release-macos-x86_64, r-release-windows-x86_64, r-oldrel-macos-x86_64, r-oldrel-windows-x86_64
Version: 0.1.4
Check: package dependencies
Result: ERROR
Package required but not available: ‘AnnotationHub’
Package suggested but not available for checking: ‘recount3’
See section ‘The DESCRIPTION file’ in the ‘Writing R Extensions’
manual.
Flavor: r-oldrel-macos-arm64
Version: 0.1.4
Check: package dependencies
Result: NOTE
Package suggested but not available for checking: ‘recount3’
Flavor: r-oldrel-macos-x86_64