Last updated on 2024-05-04 13:49:18 CEST.
Flavor | Version | Tinstall | Tcheck | Ttotal | Status | Flags |
---|---|---|---|---|---|---|
r-devel-linux-x86_64-debian-clang | 1.3.3 | 39.28 | 207.72 | 247.00 | OK | |
r-devel-linux-x86_64-debian-gcc | 1.3.3 | 35.66 | 145.66 | 181.32 | OK | |
r-devel-linux-x86_64-fedora-clang | 1.3.3 | 305.03 | OK | |||
r-devel-linux-x86_64-fedora-gcc | 1.3.3 | 288.16 | OK | |||
r-devel-windows-x86_64 | 1.3.3 | 35.00 | 164.00 | 199.00 | OK | |
r-patched-linux-x86_64 | 1.3.3 | 45.59 | 194.13 | 239.72 | OK | |
r-release-linux-x86_64 | 1.3.3 | 38.60 | 188.18 | 226.78 | OK | |
r-release-macos-arm64 | 1.3.3 | 74.00 | OK | |||
r-release-macos-x86_64 | 1.3.3 | 217.00 | NOTE | |||
r-release-windows-x86_64 | 1.3.3 | 34.00 | 156.00 | 190.00 | OK | |
r-oldrel-macos-arm64 | 1.3.3 | 103.00 | OK | |||
r-oldrel-macos-x86_64 | 1.3.3 | 178.00 | OK | |||
r-oldrel-windows-x86_64 | 1.3.3 | 45.00 | 193.00 | 238.00 | OK |
Version: 1.3.3
Check: package dependencies
Result: NOTE
Package suggested but not available for checking: ‘RobLox’
Flavor: r-release-macos-x86_64
Version: 1.3.3
Check: Rd cross-references
Result: NOTE
Unknown package ‘RobLox’ in Rd xrefs
Flavor: r-release-macos-x86_64