Last updated on 2024-05-04 13:49:19 CEST.
Flavor | Version | Tinstall | Tcheck | Ttotal | Status | Flags |
---|---|---|---|---|---|---|
r-devel-linux-x86_64-debian-clang | 1.4.9 | 21.66 | 167.19 | 188.85 | OK | |
r-devel-linux-x86_64-debian-gcc | 1.4.9 | 17.11 | 122.29 | 139.40 | OK | |
r-devel-linux-x86_64-fedora-clang | 1.4.9 | 252.54 | NOTE | |||
r-devel-linux-x86_64-fedora-gcc | 1.4.9 | 243.53 | OK | |||
r-devel-windows-x86_64 | 1.4.9 | 20.00 | 158.00 | 178.00 | NOTE | |
r-patched-linux-x86_64 | 1.4.9 | 12.80 | 160.19 | 172.99 | OK | |
r-release-linux-x86_64 | 1.4.9 | 13.11 | 157.01 | 170.12 | OK | |
r-release-macos-arm64 | 1.4.9 | 69.00 | NOTE | |||
r-release-macos-x86_64 | 1.4.9 | 190.00 | NOTE | |||
r-release-windows-x86_64 | 1.4.9 | 19.00 | 156.00 | 175.00 | NOTE | |
r-oldrel-macos-arm64 | 1.4.9 | 73.00 | NOTE | |||
r-oldrel-macos-x86_64 | 1.4.9 | 170.00 | NOTE | |||
r-oldrel-windows-x86_64 | 1.4.9 | 25.00 | 180.00 | 205.00 | NOTE |
Version: 1.4.9
Check: installed package size
Result: NOTE
installed size is 5.4Mb
sub-directories of 1Mb or more:
extdata 4.6Mb
Flavors: r-devel-linux-x86_64-fedora-clang, r-devel-windows-x86_64, r-release-macos-arm64, r-release-macos-x86_64, r-release-windows-x86_64, r-oldrel-macos-arm64, r-oldrel-macos-x86_64, r-oldrel-windows-x86_64