Last updated on 2024-05-04 13:49:19 CEST.
Flavor | Version | Tinstall | Tcheck | Ttotal | Status | Flags |
---|---|---|---|---|---|---|
r-devel-linux-x86_64-debian-clang | 0.0.5 | 0.79 | 2.46 | 3.25 | ERROR | |
r-devel-linux-x86_64-debian-gcc | 0.0.5 | 40.75 | 376.92 | 417.67 | OK | |
r-devel-linux-x86_64-fedora-clang | 0.0.5 | 776.19 | NOTE | |||
r-devel-linux-x86_64-fedora-gcc | 0.0.5 | 704.44 | NOTE | |||
r-devel-windows-x86_64 | 0.0.5 | 48.00 | 376.00 | 424.00 | OK | |
r-patched-linux-x86_64 | 0.0.5 | 48.22 | 475.34 | 523.56 | OK | |
r-release-linux-x86_64 | 0.0.5 | 44.71 | 476.43 | 521.14 | OK | |
r-release-macos-arm64 | 0.0.5 | 5.00 | ERROR | |||
r-release-macos-x86_64 | 0.0.5 | 362.00 | OK | |||
r-release-windows-x86_64 | 0.0.5 | 48.00 | 415.00 | 463.00 | OK | |
r-oldrel-macos-arm64 | 0.0.5 | 10.00 | ERROR | |||
r-oldrel-macos-x86_64 | 0.0.5 | 7.00 | ERROR | |||
r-oldrel-windows-x86_64 | 0.0.5 | 63.00 | 480.00 | 543.00 | OK |
Version: 0.0.5
Check: package dependencies
Result: ERROR
Packages required but not available:
'GSVAdata', 'clusterProfiler', 'org.Hs.eg.db', 'GSEABase'
See section ‘The DESCRIPTION file’ in the ‘Writing R Extensions’
manual.
Flavor: r-devel-linux-x86_64-debian-clang
Version: 0.0.5
Check: package dependencies
Result: NOTE
Imports includes 22 non-default packages.
Importing from so many packages makes the package vulnerable to any of
them becoming unavailable. Move as many as possible to Suggests and
use conditionally.
Flavor: r-devel-linux-x86_64-fedora-clang
Version: 0.0.5
Check: dependencies in R code
Result: NOTE
Namespace in Imports field not imported from: ‘XML’
All declared Imports should be used.
Flavors: r-devel-linux-x86_64-fedora-clang, r-devel-linux-x86_64-fedora-gcc
Version: 0.0.5
Check: package dependencies
Result: ERROR
Package required but not available: ‘rWikiPathways’
See section ‘The DESCRIPTION file’ in the ‘Writing R Extensions’
manual.
Flavor: r-release-macos-arm64
Version: 0.0.5
Check: package dependencies
Result: ERROR
Package required but not available: ‘GSVAdata’
See section ‘The DESCRIPTION file’ in the ‘Writing R Extensions’
manual.
Flavors: r-oldrel-macos-arm64, r-oldrel-macos-x86_64