Last updated on 2024-05-04 13:49:19 CEST.
Flavor | Version | Tinstall | Tcheck | Ttotal | Status | Flags |
---|---|---|---|---|---|---|
r-devel-linux-x86_64-debian-clang | 3.9.3-2 | 5.91 | 29.22 | 35.13 | OK | |
r-devel-linux-x86_64-debian-gcc | 3.9.3-2 | 4.34 | 21.71 | 26.05 | OK | |
r-devel-linux-x86_64-fedora-clang | 3.9.3-2 | 43.22 | NOTE | |||
r-devel-linux-x86_64-fedora-gcc | 3.9.3-2 | 41.95 | OK | |||
r-devel-windows-x86_64 | 3.9.3-2 | 4.00 | 33.00 | 37.00 | NOTE | |
r-patched-linux-x86_64 | 3.9.3-2 | 3.90 | 27.67 | 31.57 | OK | |
r-release-linux-x86_64 | 3.9.3-2 | 5.23 | 27.51 | 32.74 | OK | |
r-release-macos-arm64 | 3.9.3-2 | 18.00 | NOTE | |||
r-release-windows-x86_64 | 3.9.3-2 | 4.00 | 33.00 | 37.00 | NOTE | |
r-oldrel-macos-arm64 | 3.9.3-2 | 20.00 | NOTE | |||
r-oldrel-macos-x86_64 | 3.9.3-2 | 28.00 | NOTE | |||
r-oldrel-windows-x86_64 | 3.9.3-2 | 7.00 | 39.00 | 46.00 | NOTE |
Version: 3.9.3-2
Check: installed package size
Result: NOTE
installed size is 10.8Mb
sub-directories of 1Mb or more:
java 10.7Mb
Flavors: r-devel-linux-x86_64-fedora-clang, r-devel-windows-x86_64, r-release-macos-arm64, r-release-windows-x86_64, r-oldrel-macos-arm64, r-oldrel-macos-x86_64, r-oldrel-windows-x86_64