Last updated on 2024-05-04 09:49:45 CEST.
Flavor | Version | Tinstall | Tcheck | Ttotal | Status | Flags |
---|---|---|---|---|---|---|
r-devel-linux-x86_64-debian-clang | 0.3.5 | 58.86 | 366.36 | 425.22 | NOTE | |
r-devel-linux-x86_64-debian-gcc | 0.3.5 | 46.97 | 282.59 | 329.56 | OK | |
r-devel-linux-x86_64-fedora-clang | 0.3.5 | 618.21 | NOTE | |||
r-devel-linux-x86_64-fedora-gcc | 0.3.5 | 582.08 | OK | |||
r-devel-windows-x86_64 | 0.3.5 | 49.00 | 642.00 | 691.00 | NOTE | |
r-patched-linux-x86_64 | 0.3.5 | 57.48 | 372.66 | 430.14 | OK | |
r-release-linux-x86_64 | 0.3.5 | 35.54 | 384.03 | 419.57 | OK | |
r-release-macos-arm64 | 0.3.5 | 184.00 | NOTE | |||
r-release-macos-x86_64 | 0.3.5 | 467.00 | NOTE | |||
r-release-windows-x86_64 | 0.3.5 | 43.00 | 719.00 | 762.00 | NOTE | |
r-oldrel-macos-arm64 | 0.3.5 | 205.00 | NOTE | |||
r-oldrel-macos-x86_64 | 0.3.5 | 509.00 | NOTE | |||
r-oldrel-windows-x86_64 | 0.3.5 | 61.00 | 546.00 | 607.00 | NOTE |
Version: 0.3.5
Check: package dependencies
Result: NOTE
Packages suggested but not available for checking:
'batchelor', 'DESeq2', 'SingleCellExperiment', 'slingshot',
'SummarizedExperiment'
Flavor: r-devel-linux-x86_64-debian-clang
Version: 0.3.5
Check: package dependencies
Result: NOTE
Imports includes 25 non-default packages.
Importing from so many packages makes the package vulnerable to any of
them becoming unavailable. Move as many as possible to Suggests and
use conditionally.
Flavor: r-devel-linux-x86_64-fedora-clang
Version: 0.3.5
Check: installed package size
Result: NOTE
installed size is 9.7Mb
sub-directories of 1Mb or more:
data 2.0Mb
doc 6.7Mb
Flavors: r-devel-linux-x86_64-fedora-clang, r-devel-windows-x86_64, r-release-macos-arm64, r-release-macos-x86_64, r-release-windows-x86_64, r-oldrel-macos-arm64, r-oldrel-macos-x86_64, r-oldrel-windows-x86_64
Version: 0.3.5
Check: package dependencies
Result: NOTE
Packages suggested but not available for checking: 'batchelor', 'slingshot'
Flavors: r-release-macos-arm64, r-oldrel-macos-arm64, r-oldrel-macos-x86_64