Last updated on 2024-05-04 09:49:46 CEST.
Flavor | Version | Tinstall | Tcheck | Ttotal | Status | Flags |
---|---|---|---|---|---|---|
r-devel-linux-x86_64-debian-clang | 4.0.0 | 2.93 | 26.09 | 29.02 | NOTE | |
r-devel-linux-x86_64-debian-gcc | 4.0.0 | 2.24 | 19.95 | 22.19 | NOTE | |
r-devel-linux-x86_64-fedora-clang | 4.0.0 | 36.53 | NOTE | |||
r-devel-linux-x86_64-fedora-gcc | 4.0.0 | 34.72 | NOTE | |||
r-devel-windows-x86_64 | 4.0.0 | 3.00 | 45.00 | 48.00 | NOTE | |
r-patched-linux-x86_64 | 4.0.0 | 2.61 | 25.02 | 27.63 | NOTE | |
r-release-linux-x86_64 | 4.0.0 | 2.57 | 25.35 | 27.92 | NOTE | |
r-release-macos-arm64 | 4.0.0 | 16.00 | NOTE | |||
r-release-windows-x86_64 | 4.0.0 | 3.00 | 47.00 | 50.00 | NOTE | |
r-oldrel-macos-arm64 | 4.0.0 | 16.00 | OK | |||
r-oldrel-macos-x86_64 | 4.0.0 | 23.00 | OK | |||
r-oldrel-windows-x86_64 | 4.0.0 | 3.00 | 44.00 | 47.00 | OK |
Version: 4.0.0
Check: Rd files
Result: NOTE
checkRd: (-1) rankL2R.Rd:18: Lost braces; missing escapes or markup?
18 | where the vector dimension is 2^{response.number}.}
| ^
Flavors: r-devel-linux-x86_64-debian-clang, r-devel-linux-x86_64-debian-gcc, r-devel-linux-x86_64-fedora-clang, r-devel-linux-x86_64-fedora-gcc, r-devel-windows-x86_64, r-patched-linux-x86_64, r-release-linux-x86_64, r-release-macos-arm64, r-release-windows-x86_64