Last updated on 2024-05-04 09:49:46 CEST.
Flavor | Version | Tinstall | Tcheck | Ttotal | Status | Flags |
---|---|---|---|---|---|---|
r-devel-linux-x86_64-debian-clang | 2.3.0 | 0.70 | 2.20 | 2.90 | ERROR | |
r-devel-linux-x86_64-debian-gcc | 2.3.0 | 23.20 | 190.90 | 214.10 | OK | |
r-devel-linux-x86_64-fedora-clang | 2.3.0 | 381.85 | OK | |||
r-devel-linux-x86_64-fedora-gcc | 2.3.0 | 360.08 | OK | |||
r-devel-windows-x86_64 | 2.3.0 | 24.00 | 183.00 | 207.00 | OK | |
r-patched-linux-x86_64 | 2.3.0 | 18.48 | 241.77 | 260.25 | OK | |
r-release-linux-x86_64 | 2.3.0 | 20.50 | 251.43 | 271.93 | OK | |
r-release-macos-arm64 | 2.3.0 | 102.00 | OK | |||
r-release-macos-x86_64 | 2.3.0 | 195.00 | OK | |||
r-release-windows-x86_64 | 2.3.0 | 24.00 | 176.00 | 200.00 | OK | |
r-oldrel-macos-arm64 | 2.3.0 | 12.00 | ERROR | |||
r-oldrel-macos-x86_64 | 2.3.0 | 7.00 | ERROR | |||
r-oldrel-windows-x86_64 | 2.3.0 | 35.00 | 229.00 | 264.00 | OK |
Version: 2.3.0
Check: package dependencies
Result: ERROR
Package required but not available: ‘GenomicRanges’
See section ‘The DESCRIPTION file’ in the ‘Writing R Extensions’
manual.
Flavor: r-devel-linux-x86_64-debian-clang
Version: 2.3.0
Check: package dependencies
Result: ERROR
Packages required and available but unsuitable versions:
'GenomicRanges', 'IRanges'
See section ‘The DESCRIPTION file’ in the ‘Writing R Extensions’
manual.
Flavors: r-oldrel-macos-arm64, r-oldrel-macos-x86_64