Last updated on 2024-05-04 13:49:16 CEST.
Flavor | Version | Tinstall | Tcheck | Ttotal | Status | Flags |
---|---|---|---|---|---|---|
r-devel-linux-x86_64-debian-clang | 1.1.3 | 383.74 | 174.00 | 557.74 | NOTE | |
r-devel-linux-x86_64-debian-gcc | 1.1.3 | 301.90 | 142.48 | 444.38 | NOTE | |
r-devel-linux-x86_64-fedora-clang | 1.1.3 | 821.80 | NOTE | |||
r-devel-linux-x86_64-fedora-gcc | 1.1.3 | 849.24 | NOTE | |||
r-devel-windows-x86_64 | 1.1.3 | 315.00 | 220.00 | 535.00 | NOTE | |
r-patched-linux-x86_64 | 1.1.3 | 265.93 | 179.60 | 445.53 | NOTE | |
r-release-linux-x86_64 | 1.1.3 | 285.23 | 181.20 | 466.43 | NOTE | |
r-release-macos-arm64 | 1.1.3 | 179.00 | NOTE | |||
r-release-windows-x86_64 | 1.1.3 | 302.00 | 218.00 | 520.00 | NOTE | |
r-oldrel-macos-arm64 | 1.1.3 | 218.00 | NOTE | |||
r-oldrel-macos-x86_64 | 1.1.3 | 349.00 | NOTE | |||
r-oldrel-windows-x86_64 | 1.1.3 | 375.00 | 227.00 | 602.00 | NOTE |
Version: 1.1.3
Check: Rd files
Result: NOTE
checkRd: (-1) rbm.haplos.power.Rd:35: Lost braces; missing escapes or markup?
35 | \item{simus.haplos}{ Which method to simulate the data, if \code{simus.haplos="freqs"}, {rbm.haplos.freqs()} is used, otherwise \code{rbm.haplos.thresholds()} is used.}
| ^
Flavors: r-devel-linux-x86_64-debian-clang, r-devel-linux-x86_64-debian-gcc, r-devel-linux-x86_64-fedora-clang, r-devel-linux-x86_64-fedora-gcc, r-devel-windows-x86_64, r-patched-linux-x86_64, r-release-linux-x86_64, r-release-macos-arm64, r-release-windows-x86_64
Version: 1.1.3
Check: installed package size
Result: NOTE
installed size is 5.6Mb
sub-directories of 1Mb or more:
data 3.9Mb
Flavors: r-devel-linux-x86_64-fedora-clang, r-devel-windows-x86_64, r-release-macos-arm64, r-release-windows-x86_64, r-oldrel-macos-arm64, r-oldrel-macos-x86_64, r-oldrel-windows-x86_64