Last updated on 2024-05-04 09:49:46 CEST.
Flavor | Version | Tinstall | Tcheck | Ttotal | Status | Flags |
---|---|---|---|---|---|---|
r-devel-linux-x86_64-debian-clang | 0.2.1 | 29.09 | 38.91 | 68.00 | OK | |
r-devel-linux-x86_64-debian-gcc | 0.2.1 | 22.44 | 30.58 | 53.02 | OK | |
r-devel-linux-x86_64-fedora-clang | 0.2.1 | 92.55 | NOTE | |||
r-devel-linux-x86_64-fedora-gcc | 0.2.1 | 101.33 | NOTE | |||
r-devel-windows-x86_64 | 0.2.1 | 34.00 | 94.00 | 128.00 | OK | |
r-patched-linux-x86_64 | 0.2.1 | 29.39 | 38.81 | 68.20 | OK | |
r-release-linux-x86_64 | 0.2.1 | 28.55 | 38.89 | 67.44 | OK | |
r-release-macos-arm64 | 0.2.1 | 34.00 | OK | |||
r-release-windows-x86_64 | 0.2.1 | 34.00 | 94.00 | 128.00 | OK | |
r-oldrel-macos-arm64 | 0.2.1 | 35.00 | OK | |||
r-oldrel-macos-x86_64 | 0.2.1 | 59.00 | OK | |||
r-oldrel-windows-x86_64 | 0.2.1 | 35.00 | 89.00 | 124.00 | OK |
Version: 0.2.1
Check: dependencies in R code
Result: NOTE
Namespace in Imports field not imported from: ‘stats’
All declared Imports should be used.
Flavors: r-devel-linux-x86_64-fedora-clang, r-devel-linux-x86_64-fedora-gcc