Last updated on 2024-05-04 09:49:46 CEST.
Flavor | Version | Tinstall | Tcheck | Ttotal | Status | Flags |
---|---|---|---|---|---|---|
r-devel-linux-x86_64-debian-clang | 0.91.6 | 29.28 | 213.24 | 242.52 | OK | |
r-devel-linux-x86_64-debian-gcc | 0.91.6 | 22.06 | 152.03 | 174.09 | OK | |
r-devel-linux-x86_64-fedora-clang | 0.91.6 | 329.87 | NOTE | |||
r-devel-linux-x86_64-fedora-gcc | 0.91.6 | 302.63 | OK | |||
r-devel-windows-x86_64 | 0.91.6 | 23.00 | 186.00 | 209.00 | OK | |
r-patched-linux-x86_64 | 0.91.6 | 29.81 | 197.96 | 227.77 | OK | |
r-release-linux-x86_64 | 0.91.6 | 27.25 | 199.06 | 226.31 | OK | |
r-release-macos-arm64 | 0.91.6 | 132.00 | OK | |||
r-release-macos-x86_64 | 0.91.6 | 100.00 | OK | |||
r-release-windows-x86_64 | 0.91.6 | 24.00 | 170.00 | 194.00 | OK | |
r-oldrel-macos-arm64 | 0.91.6 | 81.00 | OK | |||
r-oldrel-macos-x86_64 | 0.91.6 | 104.00 | OK | |||
r-oldrel-windows-x86_64 | 0.91.6 | 29.00 | 198.00 | 227.00 | OK |
Version: 0.91.6
Check: package dependencies
Result: NOTE
Imports includes 23 non-default packages.
Importing from so many packages makes the package vulnerable to any of
them becoming unavailable. Move as many as possible to Suggests and
use conditionally.
Flavor: r-devel-linux-x86_64-fedora-clang