Last updated on 2024-05-04 13:49:16 CEST.
Flavor | Version | Tinstall | Tcheck | Ttotal | Status | Flags |
---|---|---|---|---|---|---|
r-devel-linux-x86_64-debian-clang | 2.9-2 | 60.71 | 310.79 | 371.50 | OK | |
r-devel-linux-x86_64-debian-gcc | 2.9-2 | 43.48 | 222.10 | 265.58 | OK | |
r-devel-linux-x86_64-fedora-clang | 2.9-2 | 474.22 | NOTE | |||
r-devel-linux-x86_64-fedora-gcc | 2.9-2 | 462.76 | OK | |||
r-devel-windows-x86_64 | 2.9-2 | 38.00 | 253.00 | 291.00 | NOTE | |
r-patched-linux-x86_64 | 2.9-2 | 55.15 | 301.33 | 356.48 | OK | |
r-release-linux-x86_64 | 2.9-2 | 45.19 | 297.53 | 342.72 | OK | |
r-release-macos-arm64 | 2.9-2 | 173.00 | NOTE | |||
r-release-macos-x86_64 | 2.9-2 | 243.00 | NOTE | |||
r-release-windows-x86_64 | 2.9-2 | 37.00 | 216.00 | 253.00 | NOTE | |
r-oldrel-macos-arm64 | 2.9-2 | 115.00 | NOTE | |||
r-oldrel-macos-x86_64 | 2.9-2 | 192.00 | NOTE | |||
r-oldrel-windows-x86_64 | 2.9-2 | 47.00 | 260.00 | 307.00 | NOTE |
Version: 2.9-2
Check: installed package size
Result: NOTE
installed size is 8.0Mb
sub-directories of 1Mb or more:
R 1.2Mb
doc 3.5Mb
po 2.5Mb
Flavors: r-devel-linux-x86_64-fedora-clang, r-devel-windows-x86_64, r-release-macos-arm64, r-release-macos-x86_64, r-release-windows-x86_64, r-oldrel-macos-arm64, r-oldrel-macos-x86_64, r-oldrel-windows-x86_64