Last updated on 2024-05-04 09:49:46 CEST.
Flavor | Version | Tinstall | Tcheck | Ttotal | Status | Flags |
---|---|---|---|---|---|---|
r-devel-linux-x86_64-debian-clang | 1.0.2 | 22.55 | 163.53 | 186.08 | NOTE | |
r-devel-linux-x86_64-debian-gcc | 1.0.2 | 16.36 | 120.14 | 136.50 | NOTE | |
r-devel-linux-x86_64-fedora-clang | 1.0.2 | 244.33 | NOTE | |||
r-devel-linux-x86_64-fedora-gcc | 1.0.2 | 231.68 | NOTE | |||
r-devel-windows-x86_64 | 1.0.2 | 26.00 | 191.00 | 217.00 | NOTE | |
r-patched-linux-x86_64 | 1.0.2 | 27.96 | 154.33 | 182.29 | NOTE | |
r-release-linux-x86_64 | 1.0.2 | 19.09 | 156.62 | 175.71 | NOTE | |
r-release-macos-arm64 | 1.0.2 | 83.00 | NOTE | |||
r-release-windows-x86_64 | 1.0.2 | 21.00 | 191.00 | 212.00 | NOTE | |
r-oldrel-macos-arm64 | 1.0.2 | 68.00 | NOTE | |||
r-oldrel-macos-x86_64 | 1.0.2 | 111.00 | NOTE | |||
r-oldrel-windows-x86_64 | 1.0.2 | 24.00 | 149.00 | 173.00 | NOTE |
Version: 1.0.2
Check: LazyData
Result: NOTE
'LazyData' is specified without a 'data' directory
Flavors: r-devel-linux-x86_64-debian-clang, r-devel-linux-x86_64-debian-gcc, r-devel-linux-x86_64-fedora-clang, r-devel-linux-x86_64-fedora-gcc, r-devel-windows-x86_64, r-patched-linux-x86_64, r-release-linux-x86_64, r-release-macos-arm64, r-release-windows-x86_64, r-oldrel-macos-arm64, r-oldrel-macos-x86_64, r-oldrel-windows-x86_64