Last updated on 2024-05-04 09:49:46 CEST.
Flavor | Version | Tinstall | Tcheck | Ttotal | Status | Flags |
---|---|---|---|---|---|---|
r-devel-linux-x86_64-debian-clang | 5.1-1 | 23.87 | 198.62 | 222.49 | NOTE | |
r-devel-linux-x86_64-debian-gcc | 5.1-1 | 19.06 | 146.05 | 165.11 | NOTE | |
r-devel-linux-x86_64-fedora-clang | 5.1-1 | 290.90 | NOTE | |||
r-devel-linux-x86_64-fedora-gcc | 5.1-1 | 288.00 | NOTE | |||
r-devel-windows-x86_64 | 5.1-1 | 22.00 | 198.00 | 220.00 | NOTE | |
r-patched-linux-x86_64 | 5.1-1 | 22.30 | 190.07 | 212.37 | NOTE | |
r-release-linux-x86_64 | 5.1-1 | 20.52 | 188.38 | 208.90 | NOTE | |
r-release-macos-arm64 | 5.1-1 | 104.00 | NOTE | |||
r-release-windows-x86_64 | 5.1-1 | 23.00 | 219.00 | 242.00 | NOTE | |
r-oldrel-macos-arm64 | 5.1-1 | 88.00 | NOTE | |||
r-oldrel-macos-x86_64 | 5.1-1 | 138.00 | NOTE | |||
r-oldrel-windows-x86_64 | 5.1-1 | 24.00 | 176.00 | 200.00 | NOTE |
Version: 5.1-1
Check: package dependencies
Result: NOTE
Depends: includes the non-default packages:
'IQCC', 'qcc', 'qicharts2', 'randtests', 'rmarkdown',
'TeachingDemos', 'tseries'
Adding so many packages to the search path is excessive and importing
selectively is preferable.
Flavors: r-devel-linux-x86_64-debian-clang, r-devel-linux-x86_64-debian-gcc, r-devel-linux-x86_64-fedora-clang, r-devel-linux-x86_64-fedora-gcc, r-devel-windows-x86_64, r-patched-linux-x86_64, r-release-linux-x86_64, r-release-macos-arm64, r-release-windows-x86_64, r-oldrel-macos-arm64, r-oldrel-macos-x86_64, r-oldrel-windows-x86_64