Last updated on 2024-05-04 09:49:46 CEST.
Flavor | Version | Tinstall | Tcheck | Ttotal | Status | Flags |
---|---|---|---|---|---|---|
r-devel-linux-x86_64-debian-clang | 0.0.9 | 51.56 | 45.19 | 96.75 | NOTE | |
r-devel-linux-x86_64-debian-gcc | 0.0.9 | 40.95 | 33.96 | 74.91 | NOTE | |
r-devel-windows-x86_64 | 0.0.9 | 39.00 | 107.00 | 146.00 | NOTE | |
r-patched-linux-x86_64 | 0.0.9 | 48.12 | 43.83 | 91.95 | NOTE | |
r-release-linux-x86_64 | 0.0.9 | 50.38 | 42.71 | 93.09 | NOTE | |
r-release-macos-arm64 | 0.0.9 | 35.00 | NOTE | |||
r-release-windows-x86_64 | 0.0.9 | 39.00 | 70.00 | 109.00 | NOTE | |
r-oldrel-macos-arm64 | 0.0.9 | 39.00 | NOTE | |||
r-oldrel-macos-x86_64 | 0.0.9 | 61.00 | NOTE | |||
r-oldrel-windows-x86_64 | 0.0.9 | 38.00 | 87.00 | 125.00 | NOTE |
Version: 0.0.9
Check: C++ specification
Result: NOTE
Specified C++11: please drop specification unless essential
Flavors: r-devel-linux-x86_64-debian-clang, r-devel-linux-x86_64-debian-gcc, r-devel-windows-x86_64, r-patched-linux-x86_64, r-release-linux-x86_64, r-release-macos-arm64, r-release-windows-x86_64, r-oldrel-macos-arm64, r-oldrel-macos-x86_64, r-oldrel-windows-x86_64