Last updated on 2024-05-04 09:49:46 CEST.
Flavor | Version | Tinstall | Tcheck | Ttotal | Status | Flags |
---|---|---|---|---|---|---|
r-devel-linux-x86_64-debian-clang | 0.12.8.2.1 | 49.97 | 316.19 | 366.16 | OK | |
r-devel-linux-x86_64-debian-gcc | 0.12.8.2.1 | 35.45 | 222.51 | 257.96 | OK | |
r-devel-linux-x86_64-fedora-clang | 0.12.8.2.1 | 450.79 | NOTE | |||
r-devel-linux-x86_64-fedora-gcc | 0.12.8.2.1 | 507.01 | OK | |||
r-devel-windows-x86_64 | 0.12.8.2.1 | 52.00 | 320.00 | 372.00 | NOTE | |
r-patched-linux-x86_64 | 0.12.8.2.1 | 45.21 | 314.67 | 359.88 | OK | |
r-release-linux-x86_64 | 0.12.8.2.1 | 47.87 | 314.83 | 362.70 | OK | |
r-release-macos-arm64 | 0.12.8.2.1 | 126.00 | NOTE | |||
r-release-macos-x86_64 | 0.12.8.2.1 | 374.00 | NOTE | |||
r-release-windows-x86_64 | 0.12.8.2.1 | 56.00 | 279.00 | 335.00 | NOTE | |
r-oldrel-macos-arm64 | 0.12.8.2.1 | 134.00 | NOTE | |||
r-oldrel-macos-x86_64 | 0.12.8.2.1 | 384.00 | NOTE | |||
r-oldrel-windows-x86_64 | 0.12.8.2.1 | 54.00 | 322.00 | 376.00 | NOTE |
Version: 0.12.8.2.1
Check: installed package size
Result: NOTE
installed size is 7.6Mb
sub-directories of 1Mb or more:
include 6.5Mb
Flavors: r-devel-linux-x86_64-fedora-clang, r-devel-windows-x86_64, r-release-macos-arm64, r-release-macos-x86_64, r-release-windows-x86_64, r-oldrel-macos-arm64, r-oldrel-macos-x86_64, r-oldrel-windows-x86_64