Last updated on 2024-05-04 09:49:46 CEST.
Flavor | Version | Tinstall | Tcheck | Ttotal | Status | Flags |
---|---|---|---|---|---|---|
r-devel-linux-x86_64-debian-clang | 0.1.1 | 60.10 | 40.41 | 100.51 | NOTE | |
r-devel-linux-x86_64-debian-gcc | 0.1.1 | 46.06 | 31.06 | 77.12 | NOTE | |
r-devel-linux-x86_64-fedora-clang | 0.1.1 | 138.80 | NOTE | |||
r-devel-linux-x86_64-fedora-gcc | 0.1.1 | 154.54 | NOTE | |||
r-devel-windows-x86_64 | 0.1.1 | 48.00 | 82.00 | 130.00 | NOTE | |
r-patched-linux-x86_64 | 0.1.1 | 53.52 | 39.06 | 92.58 | NOTE | |
r-release-linux-x86_64 | 0.1.1 | 52.63 | 39.43 | 92.06 | NOTE | |
r-release-macos-arm64 | 0.1.1 | 46.00 | NOTE | |||
r-release-windows-x86_64 | 0.1.1 | 42.00 | 108.00 | 150.00 | NOTE | |
r-oldrel-macos-arm64 | 0.1.1 | 48.00 | NOTE | |||
r-oldrel-macos-x86_64 | 0.1.1 | 75.00 | NOTE | |||
r-oldrel-windows-x86_64 | 0.1.1 | 52.00 | 88.00 | 140.00 | NOTE |
Version: 0.1.1
Check: C++ specification
Result: NOTE
Specified C++11: please drop specification unless essential
Flavors: r-devel-linux-x86_64-debian-clang, r-devel-linux-x86_64-debian-gcc, r-devel-linux-x86_64-fedora-clang, r-devel-linux-x86_64-fedora-gcc, r-devel-windows-x86_64, r-patched-linux-x86_64, r-release-linux-x86_64, r-release-macos-arm64, r-release-windows-x86_64, r-oldrel-macos-arm64, r-oldrel-macos-x86_64, r-oldrel-windows-x86_64
Version: 0.1.1
Check: LazyData
Result: NOTE
'LazyData' is specified without a 'data' directory
Flavors: r-devel-linux-x86_64-debian-clang, r-devel-linux-x86_64-debian-gcc, r-devel-linux-x86_64-fedora-clang, r-devel-linux-x86_64-fedora-gcc, r-devel-windows-x86_64, r-patched-linux-x86_64, r-release-linux-x86_64, r-release-macos-arm64, r-release-windows-x86_64, r-oldrel-macos-arm64, r-oldrel-macos-x86_64, r-oldrel-windows-x86_64