Last updated on 2024-05-02 01:57:11 CEST.
Flavor | Version | Tinstall | Tcheck | Ttotal | Status | Flags |
---|---|---|---|---|---|---|
r-devel-linux-x86_64-debian-clang | 1.2.2 | 97.79 | 31.78 | 129.57 | NOTE | |
r-devel-linux-x86_64-debian-gcc | 1.2.2 | 85.55 | 24.51 | 110.06 | NOTE | |
r-devel-linux-x86_64-fedora-clang | 1.2.2 | 194.30 | NOTE | |||
r-devel-linux-x86_64-fedora-gcc | 1.2.2 | 196.47 | NOTE | |||
r-devel-windows-x86_64 | 1.2.2 | 79.00 | 114.00 | 193.00 | NOTE | |
r-patched-linux-x86_64 | 1.2.2 | 103.30 | 30.88 | 134.18 | NOTE | |
r-release-linux-x86_64 | 1.2.2 | 94.89 | 30.16 | 125.05 | NOTE | |
r-release-macos-arm64 | 1.2.2 | 40.00 | NOTE | |||
r-release-windows-x86_64 | 1.2.2 | 83.00 | 79.00 | 162.00 | NOTE | |
r-oldrel-macos-arm64 | 1.2.2 | 44.00 | NOTE | |||
r-oldrel-macos-x86_64 | 1.2.2 | 69.00 | NOTE | |||
r-oldrel-windows-x86_64 | 1.2.2 | 99.00 | 84.00 | 183.00 | NOTE |
Version: 1.2.2
Check: C++ specification
Result: NOTE
Specified C++11: please drop specification unless essential
Flavors: r-devel-linux-x86_64-debian-clang, r-devel-linux-x86_64-debian-gcc, r-devel-linux-x86_64-fedora-clang, r-devel-linux-x86_64-fedora-gcc, r-devel-windows-x86_64, r-patched-linux-x86_64, r-release-linux-x86_64, r-release-macos-arm64, r-release-windows-x86_64, r-oldrel-macos-arm64, r-oldrel-macos-x86_64, r-oldrel-windows-x86_64