Last updated on 2024-05-04 13:49:17 CEST.
Flavor | Version | Tinstall | Tcheck | Ttotal | Status | Flags |
---|---|---|---|---|---|---|
r-devel-linux-x86_64-debian-clang | 1.2.2 | 76.40 | 75.46 | 151.86 | OK | |
r-devel-linux-x86_64-debian-gcc | 1.2.2 | 59.29 | 56.66 | 115.95 | OK | |
r-devel-linux-x86_64-fedora-clang | 1.2.2 | 201.73 | OK | |||
r-devel-linux-x86_64-fedora-gcc | 1.2.2 | 221.40 | OK | |||
r-devel-windows-x86_64 | 1.2.2 | 57.00 | 106.00 | 163.00 | OK | |
r-patched-linux-x86_64 | 1.2.2 | 72.60 | 72.50 | 145.10 | OK | |
r-release-linux-x86_64 | 1.2.2 | 75.19 | 72.94 | 148.13 | OK | |
r-release-macos-arm64 | 1.2.2 | 75.00 | NOTE | |||
r-release-macos-x86_64 | 1.2.2 | 147.00 | NOTE | |||
r-release-windows-x86_64 | 1.2.2 | 59.00 | 103.00 | 162.00 | OK | |
r-oldrel-macos-arm64 | 1.2.2 | 70.00 | NOTE | |||
r-oldrel-macos-x86_64 | 1.2.2 | 135.00 | NOTE | |||
r-oldrel-windows-x86_64 | 1.2.2 | 57.00 | 117.00 | 174.00 | OK |
Version: 1.2.2
Check: installed package size
Result: NOTE
installed size is 6.3Mb
sub-directories of 1Mb or more:
libs 3.4Mb
swagger 1.4Mb
Flavors: r-release-macos-arm64, r-release-macos-x86_64, r-oldrel-macos-arm64, r-oldrel-macos-x86_64