Last updated on 2024-05-04 13:49:18 CEST.
Flavor | Version | Tinstall | Tcheck | Ttotal | Status | Flags |
---|---|---|---|---|---|---|
r-devel-linux-x86_64-debian-clang | 0.2-1 | 1123.56 | 229.54 | 1353.10 | NOTE | |
r-devel-linux-x86_64-debian-gcc | 0.2-1 | 1029.63 | 221.07 | 1250.70 | NOTE | |
r-devel-linux-x86_64-fedora-clang | 0.2-1 | 1620.46 | NOTE | |||
r-devel-linux-x86_64-fedora-gcc | 0.2-1 | 2200.21 | NOTE | |||
r-devel-windows-x86_64 | 0.2-1 | 816.00 | 252.00 | 1068.00 | NOTE | |
r-patched-linux-x86_64 | 0.2-1 | 824.51 | 294.07 | 1118.58 | NOTE | |
r-release-linux-x86_64 | 0.2-1 | 0.01 | 2.65 | 2.66 | ERROR | |
r-release-macos-arm64 | 0.2-1 | 505.00 | NOTE | |||
r-release-windows-x86_64 | 0.2-1 | 783.00 | 237.00 | 1020.00 | NOTE | |
r-oldrel-macos-arm64 | 0.2-1 | 554.00 | NOTE | |||
r-oldrel-macos-x86_64 | 0.2-1 | 654.00 | NOTE | |||
r-oldrel-windows-x86_64 | 0.2-1 | 1033.00 | 293.00 | 1326.00 | NOTE |
Version: 0.2-1
Check: for GNU extensions in Makefiles
Result: NOTE
GNU make is a SystemRequirements.
Flavors: r-devel-linux-x86_64-debian-clang, r-devel-linux-x86_64-debian-gcc, r-devel-linux-x86_64-fedora-clang, r-devel-linux-x86_64-fedora-gcc, r-devel-windows-x86_64, r-patched-linux-x86_64, r-release-macos-arm64, r-release-windows-x86_64, r-oldrel-macos-arm64, r-oldrel-macos-x86_64, r-oldrel-windows-x86_64
Version: 0.2-1
Check: installed package size
Result: NOTE
installed size is 10.4Mb
sub-directories of 1Mb or more:
libs 9.6Mb
Flavors: r-devel-linux-x86_64-fedora-clang, r-devel-windows-x86_64, r-release-macos-arm64, r-release-windows-x86_64, r-oldrel-macos-arm64, r-oldrel-macos-x86_64, r-oldrel-windows-x86_64
Version: 0.2-1
Check: whether package can be installed
Result: ERROR
Installation failed.
Flavor: r-release-linux-x86_64