Last updated on 2024-05-04 13:49:18 CEST.
Flavor | Version | Tinstall | Tcheck | Ttotal | Status | Flags |
---|---|---|---|---|---|---|
r-devel-linux-x86_64-debian-clang | 0.1.6.2 | 41.23 | 35.64 | 76.87 | NOTE | |
r-devel-linux-x86_64-debian-gcc | 0.1.6.2 | 32.74 | 27.64 | 60.38 | NOTE | |
r-devel-linux-x86_64-fedora-clang | 0.1.6.2 | 109.81 | NOTE | |||
r-devel-linux-x86_64-fedora-gcc | 0.1.6.2 | 108.20 | NOTE | |||
r-devel-windows-x86_64 | 0.1.6.2 | 32.00 | 69.00 | 101.00 | NOTE | |
r-patched-linux-x86_64 | 0.1.6.2 | 43.96 | 35.27 | 79.23 | NOTE | |
r-release-linux-x86_64 | 0.1.6.2 | 43.52 | 34.46 | 77.98 | NOTE | |
r-release-macos-arm64 | 0.1.6.2 | 17.00 | ERROR | |||
r-release-macos-x86_64 | 0.1.6.2 | 16.00 | ERROR | |||
r-release-windows-x86_64 | 0.1.6.2 | 33.00 | 68.00 | 101.00 | NOTE | |
r-oldrel-macos-arm64 | 0.1.6.2 | 16.00 | ERROR | |||
r-oldrel-macos-x86_64 | 0.1.6.2 | 15.00 | ERROR | |||
r-oldrel-windows-x86_64 | 0.1.6.2 | 39.00 | 75.00 | 114.00 | NOTE |
Version: 0.1.6.2
Check: LazyData
Result: NOTE
'LazyData' is specified without a 'data' directory
Flavors: r-devel-linux-x86_64-debian-clang, r-devel-linux-x86_64-debian-gcc, r-devel-linux-x86_64-fedora-clang, r-devel-linux-x86_64-fedora-gcc, r-devel-windows-x86_64, r-patched-linux-x86_64, r-release-linux-x86_64, r-release-windows-x86_64, r-oldrel-windows-x86_64
Version: 0.1.6.2
Check: whether package can be installed
Result: ERROR
Installation failed.
Flavors: r-release-macos-arm64, r-release-macos-x86_64, r-oldrel-macos-arm64, r-oldrel-macos-x86_64