Last updated on 2024-05-04 09:49:47 CEST.
Flavor | Version | Tinstall | Tcheck | Ttotal | Status | Flags |
---|---|---|---|---|---|---|
r-devel-linux-x86_64-debian-clang | 2.1.10 | 649.41 | 72.18 | 721.59 | OK | |
r-devel-linux-x86_64-debian-gcc | 2.1.10 | 560.10 | 93.93 | 654.03 | OK | |
r-devel-linux-x86_64-fedora-clang | 2.1.10 | 1153.51 | OK | |||
r-devel-linux-x86_64-fedora-gcc | 2.1.10 | 1201.52 | OK | |||
r-devel-windows-x86_64 | 2.1.10 | 530.00 | 148.00 | 678.00 | OK | |
r-patched-linux-x86_64 | 2.1.10 | 672.46 | 123.29 | 795.75 | OK | |
r-release-linux-x86_64 | 2.1.10 | 703.91 | 121.92 | 825.83 | OK | |
r-release-macos-arm64 | 2.1.10 | 172.00 | NOTE | |||
r-release-windows-x86_64 | 2.1.10 | 518.00 | 151.00 | 669.00 | OK | |
r-oldrel-macos-arm64 | 2.1.10 | 204.00 | NOTE | |||
r-oldrel-macos-x86_64 | 2.1.10 | 225.00 | NOTE | |||
r-oldrel-windows-x86_64 | 2.1.10 | 675.00 | 177.00 | 852.00 | OK |
Version: 2.1.10
Check: installed package size
Result: NOTE
installed size is 44.1Mb
sub-directories of 1Mb or more:
libs 43.2Mb
Flavors: r-release-macos-arm64, r-oldrel-macos-arm64, r-oldrel-macos-x86_64