Last updated on 2024-05-04 09:49:47 CEST.
Flavor | Version | Tinstall | Tcheck | Ttotal | Status | Flags |
---|---|---|---|---|---|---|
r-devel-linux-x86_64-debian-clang | 0.7-2 | 8.20 | 44.98 | 53.18 | OK | |
r-devel-linux-x86_64-debian-gcc | 0.7-2 | 6.47 | 34.68 | 41.15 | OK | |
r-devel-linux-x86_64-fedora-clang | 0.7-2 | 74.37 | OK | |||
r-devel-linux-x86_64-fedora-gcc | 0.7-2 | 71.97 | OK | |||
r-devel-windows-x86_64 | 0.7-2 | 52.00 | 58.00 | 110.00 | OK | |
r-patched-linux-x86_64 | 0.7-2 | 8.19 | 42.95 | 51.14 | OK | |
r-release-linux-x86_64 | 0.7-2 | 7.56 | 43.18 | 50.74 | OK | |
r-release-macos-x86_64 | 0.7-2 | 52.00 | ERROR | |||
r-release-windows-x86_64 | 0.7-2 | 59.00 | 62.00 | 121.00 | OK | |
r-oldrel-macos-x86_64 | 0.7-2 | 52.00 | ERROR | |||
r-oldrel-windows-x86_64 | 0.7-2 | 57.00 | 70.00 | 127.00 | OK |
Version: 0.7-2
Check: whether package can be installed
Result: ERROR
Installation failed.
Flavors: r-release-macos-x86_64, r-oldrel-macos-x86_64