Last updated on 2024-05-04 13:49:18 CEST.
Flavor | Version | Tinstall | Tcheck | Ttotal | Status | Flags |
---|---|---|---|---|---|---|
r-devel-linux-x86_64-debian-clang | 0.0.2 | 87.90 | 28.35 | 116.25 | WARN | |
r-devel-linux-x86_64-debian-gcc | 0.0.2 | 76.99 | 21.55 | 98.54 | OK | |
r-devel-linux-x86_64-fedora-clang | 0.0.2 | 126.22 | OK | |||
r-devel-linux-x86_64-fedora-gcc | 0.0.2 | 175.06 | OK | |||
r-devel-windows-x86_64 | 0.0.2 | 64.00 | 80.00 | 144.00 | OK | |
r-patched-linux-x86_64 | 0.0.2 | 82.82 | 27.43 | 110.25 | OK | |
r-release-linux-x86_64 | 0.0.2 | 89.03 | 26.72 | 115.75 | OK | |
r-release-macos-arm64 | 0.0.2 | 35.00 | NOTE | |||
r-release-windows-x86_64 | 0.0.2 | 65.00 | 78.00 | 143.00 | OK | |
r-oldrel-macos-arm64 | 0.0.2 | 40.00 | NOTE | |||
r-oldrel-macos-x86_64 | 0.0.2 | 91.00 | NOTE | |||
r-oldrel-windows-x86_64 | 0.0.2 | 77.00 | 90.00 | 167.00 | OK |
Version: 0.0.2
Check: whether package can be installed
Result: WARN
Found the following significant warnings:
../inst/include/internal/dists.hpp:158:35: warning: using integer absolute value function 'abs' when argument is of floating point type [-Wabsolute-value]
See ‘/home/hornik/tmp/R.check/r-devel-clang/Work/PKGS/Rnanoflann.Rcheck/00install.out’ for details.
* used C++ compiler: ‘Debian clang version 18.1.4 (1)’
Flavor: r-devel-linux-x86_64-debian-clang
Version: 0.0.2
Check: installed package size
Result: NOTE
installed size is 19.7Mb
sub-directories of 1Mb or more:
libs 19.5Mb
Flavors: r-release-macos-arm64, r-oldrel-macos-arm64, r-oldrel-macos-x86_64