Last updated on 2024-05-04 13:49:18 CEST.
Flavor | Version | Tinstall | Tcheck | Ttotal | Status | Flags |
---|---|---|---|---|---|---|
r-devel-linux-x86_64-debian-clang | 1.0.2 | 30.15 | 123.53 | 153.68 | OK | |
r-devel-linux-x86_64-debian-gcc | 1.0.2 | 19.97 | 89.80 | 109.77 | OK | |
r-devel-linux-x86_64-fedora-clang | 1.0.2 | 205.40 | NOTE | |||
r-devel-linux-x86_64-fedora-gcc | 1.0.2 | 220.95 | OK | |||
r-devel-windows-x86_64 | 1.0.2 | 40.00 | 150.00 | 190.00 | OK | |
r-patched-linux-x86_64 | 1.0.2 | 24.09 | 114.82 | 138.91 | OK | |
r-release-linux-x86_64 | 1.0.2 | 24.03 | 113.79 | 137.82 | OK | |
r-release-macos-arm64 | 1.0.2 | 96.00 | OK | |||
r-release-windows-x86_64 | 1.0.2 | 39.00 | 144.00 | 183.00 | OK | |
r-oldrel-macos-arm64 | 1.0.2 | 79.00 | OK | |||
r-oldrel-macos-x86_64 | 1.0.2 | 172.00 | OK | |||
r-oldrel-windows-x86_64 | 1.0.2 | 44.00 | 167.00 | 211.00 | OK |
Version: 1.0.2
Check: Rd cross-references
Result: NOTE
Undeclared package ‘extraDistr’ in Rd xrefs
Flavor: r-devel-linux-x86_64-fedora-clang