Last updated on 2024-05-04 09:49:47 CEST.
Flavor | Version | Tinstall | Tcheck | Ttotal | Status | Flags |
---|---|---|---|---|---|---|
r-devel-linux-x86_64-debian-clang | 1.0.2 | 429.26 | 102.26 | 531.52 | OK | |
r-devel-linux-x86_64-debian-gcc | 1.0.2 | 343.46 | 94.54 | 438.00 | OK | |
r-devel-linux-x86_64-fedora-clang | 1.0.2 | 755.01 | OK | |||
r-devel-linux-x86_64-fedora-gcc | 1.0.2 | 795.26 | OK | |||
r-devel-windows-x86_64 | 1.0.2 | 320.00 | 125.00 | 445.00 | OK | |
r-patched-linux-x86_64 | 1.0.2 | 418.95 | 120.39 | 539.34 | OK | |
r-release-linux-x86_64 | 1.0.2 | 415.82 | 119.22 | 535.04 | OK | |
r-release-macos-arm64 | 1.0.2 | 137.00 | NOTE | |||
r-release-windows-x86_64 | 1.0.2 | 309.00 | 120.00 | 429.00 | OK | |
r-oldrel-macos-arm64 | 1.0.2 | 152.00 | NOTE | |||
r-oldrel-macos-x86_64 | 1.0.2 | 254.00 | NOTE | |||
r-oldrel-windows-x86_64 | 1.0.2 | 379.00 | 151.00 | 530.00 | OK |
Version: 1.0.2
Check: installed package size
Result: NOTE
installed size is 40.5Mb
sub-directories of 1Mb or more:
libs 40.3Mb
Flavors: r-release-macos-arm64, r-oldrel-macos-arm64, r-oldrel-macos-x86_64