Last updated on 2024-05-04 13:49:18 CEST.
Flavor | Version | Tinstall | Tcheck | Ttotal | Status | Flags |
---|---|---|---|---|---|---|
r-devel-linux-x86_64-debian-clang | 1.2.1 | 19.06 | 209.62 | 228.68 | OK | |
r-devel-linux-x86_64-debian-gcc | 1.2.1 | 16.37 | 153.63 | 170.00 | OK | |
r-devel-linux-x86_64-fedora-clang | 1.2.1 | 303.39 | NOTE | |||
r-devel-linux-x86_64-fedora-gcc | 1.2.1 | 291.52 | OK | |||
r-devel-windows-x86_64 | 1.2.1 | 20.00 | 152.00 | 172.00 | OK | |
r-patched-linux-x86_64 | 1.2.1 | 20.52 | 193.37 | 213.89 | OK | |
r-release-linux-x86_64 | 1.2.1 | 19.39 | 198.77 | 218.16 | OK | |
r-release-macos-arm64 | 1.2.1 | 67.00 | OK | |||
r-release-macos-x86_64 | 1.2.1 | 201.00 | OK | |||
r-release-windows-x86_64 | 1.2.1 | 19.00 | 148.00 | 167.00 | OK | |
r-oldrel-macos-arm64 | 1.2.1 | 84.00 | OK | |||
r-oldrel-macos-x86_64 | 1.2.1 | 187.00 | OK | |||
r-oldrel-windows-x86_64 | 1.2.1 | 24.00 | 189.00 | 213.00 | OK |
Version: 1.2.1
Check: Rd cross-references
Result: NOTE
Undeclared package ‘ROptEst’ in Rd xrefs
Flavor: r-devel-linux-x86_64-fedora-clang