Last updated on 2024-05-04 09:49:47 CEST.
Flavor | Version | Tinstall | Tcheck | Ttotal | Status | Flags |
---|---|---|---|---|---|---|
r-devel-linux-x86_64-debian-clang | 1.2.2 | 0.35 | 2.09 | 2.44 | ERROR | |
r-devel-linux-x86_64-debian-gcc | 1.2.2 | 29.98 | 246.01 | 275.99 | OK | |
r-devel-linux-x86_64-fedora-clang | 1.2.2 | 505.91 | NOTE | |||
r-devel-linux-x86_64-fedora-gcc | 1.2.2 | 444.73 | OK | |||
r-devel-windows-x86_64 | 1.2.2 | 34.00 | 224.00 | 258.00 | OK | |
r-patched-linux-x86_64 | 1.2.2 | 23.66 | 315.03 | 338.69 | OK | |
r-release-linux-x86_64 | 1.2.2 | 26.19 | 314.53 | 340.72 | OK | |
r-release-macos-arm64 | 1.2.2 | 5.00 | ERROR | |||
r-release-macos-x86_64 | 1.2.2 | 383.00 | NOTE | |||
r-release-windows-x86_64 | 1.2.2 | 34.00 | 223.00 | 257.00 | OK | |
r-oldrel-macos-arm64 | 1.2.2 | 136.00 | NOTE | |||
r-oldrel-macos-x86_64 | 1.2.2 | 288.00 | NOTE | |||
r-oldrel-windows-x86_64 | 1.2.2 | 43.00 | 285.00 | 328.00 | OK |
Version: 1.2.2
Check: package dependencies
Result: ERROR
Packages required but not available: 'beadarray', 'AnnotationDbi'
Packages suggested but not available for checking:
'hgu95av2cdf', 'beadarrayExampleData', 'illuminaHumanv3.db'
See section ‘The DESCRIPTION file’ in the ‘Writing R Extensions’
manual.
Flavor: r-devel-linux-x86_64-debian-clang
Version: 1.2.2
Check: Rd cross-references
Result: NOTE
Undeclared package ‘distrEx’ in Rd xrefs
Flavor: r-devel-linux-x86_64-fedora-clang
Version: 1.2.2
Check: package dependencies
Result: ERROR
Package required but not available: ‘beadarray’
Packages suggested but not available for checking:
'affydata', 'hgu95av2cdf', 'beadarrayExampleData',
'illuminaHumanv3.db'
See section ‘The DESCRIPTION file’ in the ‘Writing R Extensions’
manual.
Flavor: r-release-macos-arm64
Version: 1.2.2
Check: package dependencies
Result: NOTE
Package suggested but not available for checking: ‘illuminaHumanv3.db’
Flavor: r-release-macos-x86_64
Version: 1.2.2
Check: package dependencies
Result: NOTE
Packages suggested but not available for checking:
'affydata', 'hgu95av2cdf', 'beadarrayExampleData',
'illuminaHumanv3.db'
Flavors: r-oldrel-macos-arm64, r-oldrel-macos-x86_64