Last updated on 2024-05-04 05:50:32 CEST.
Flavor | Version | Tinstall | Tcheck | Ttotal | Status | Flags |
---|---|---|---|---|---|---|
r-devel-linux-x86_64-debian-clang | 0.0.5 | 9.07 | 337.39 | 346.46 | OK | |
r-devel-linux-x86_64-fedora-clang | 0.0.5 | 415.94 | OK | |||
r-devel-linux-x86_64-fedora-gcc | 0.0.5 | 488.54 | OK | |||
r-devel-windows-x86_64 | 0.0.5 | 10.00 | 121272.00 | 121282.00 | OK | |
r-patched-linux-x86_64 | 0.0.5 | 7.08 | 378.56 | 385.64 | OK | |
r-release-linux-x86_64 | 0.0.5 | 10.00 | 379.69 | 389.69 | OK | |
r-release-macos-arm64 | 0.0.5 | 126.00 | OK | |||
r-release-windows-x86_64 | 0.0.5 | 10.00 | 126.00 | 136.00 | ERROR | |
r-oldrel-macos-arm64 | 0.0.5 | 170.00 | OK | |||
r-oldrel-macos-x86_64 | 0.0.5 | 531.00 | OK | |||
r-oldrel-windows-x86_64 | 0.0.5 | 13.00 | 232.00 | 245.00 | OK |
Version: 0.0.5
Check: re-building of vignette outputs
Result: ERROR
Error(s) in re-building vignettes:
--- re-building 'data-cleaning.Rmd' using rmarkdown
--- finished re-building 'data-cleaning.Rmd'
--- re-building 'padrino-intro.Rmd' using rmarkdown
Quitting from lines at lines 23-29 [unnamed-chunk-1] (padrino-intro.Rmd)
Error: processing vignette 'padrino-intro.Rmd' failed with diagnostics:
cannot open the connection to 'https://raw.githubusercontent.com/padrinoDB/Padrino/main/padrino-database/clean/Metadata.txt'
--- failed re-building 'padrino-intro.Rmd'
--- re-building 'pdb-msgs.Rmd' using rmarkdown
--- finished re-building 'pdb-msgs.Rmd'
--- re-building 'stoch-ipms.rmd' using rmarkdown
Quitting from lines at lines 22-27 [unnamed-chunk-1] (stoch-ipms.rmd)
Error: processing vignette 'stoch-ipms.rmd' failed with diagnostics:
cannot open the connection to 'https://raw.githubusercontent.com/padrinoDB/Padrino/main/padrino-database/clean/Metadata.txt'
--- failed re-building 'stoch-ipms.rmd'
SUMMARY: processing the following files failed:
'padrino-intro.Rmd' 'stoch-ipms.rmd'
Error: Vignette re-building failed.
Execution halted
Flavor: r-release-windows-x86_64