Last updated on 2024-05-04 09:49:48 CEST.
Flavor | Version | Tinstall | Tcheck | Ttotal | Status | Flags |
---|---|---|---|---|---|---|
r-devel-linux-x86_64-debian-clang | 1.0.0 | 8.73 | 74.70 | 83.43 | OK | |
r-devel-linux-x86_64-debian-gcc | 1.0.0 | 5.87 | 54.57 | 60.44 | OK | |
r-devel-linux-x86_64-fedora-clang | 1.0.0 | 100.99 | NOTE | |||
r-devel-linux-x86_64-fedora-gcc | 1.0.0 | 96.87 | NOTE | |||
r-devel-windows-x86_64 | 1.0.0 | 10.00 | 72.00 | 82.00 | OK | |
r-patched-linux-x86_64 | 1.0.0 | 8.45 | 67.74 | 76.19 | OK | |
r-release-linux-x86_64 | 1.0.0 | 6.43 | 68.52 | 74.95 | OK | |
r-release-macos-arm64 | 1.0.0 | 33.00 | OK | |||
r-release-windows-x86_64 | 1.0.0 | 10.00 | 70.00 | 80.00 | OK | |
r-oldrel-macos-arm64 | 1.0.0 | 39.00 | OK | |||
r-oldrel-macos-x86_64 | 1.0.0 | 48.00 | OK | |||
r-oldrel-windows-x86_64 | 1.0.0 | 11.00 | 76.00 | 87.00 | OK |
Version: 1.0.0
Check: data for non-ASCII characters
Result: NOTE
Note: found 4 marked UTF-8 strings
Flavors: r-devel-linux-x86_64-fedora-clang, r-devel-linux-x86_64-fedora-gcc