Last updated on 2024-05-04 13:49:19 CEST.
Flavor | Version | Tinstall | Tcheck | Ttotal | Status | Flags |
---|---|---|---|---|---|---|
r-devel-linux-x86_64-debian-clang | 0.2.4 | 36.19 | 34.82 | 71.01 | NOTE | |
r-devel-linux-x86_64-debian-gcc | 0.2.4 | 25.78 | 26.55 | 52.33 | NOTE | |
r-devel-linux-x86_64-fedora-clang | 0.2.4 | 102.13 | NOTE | |||
r-devel-linux-x86_64-fedora-gcc | 0.2.4 | 97.98 | NOTE | |||
r-devel-windows-x86_64 | 0.2.4 | 30.00 | 74.00 | 104.00 | NOTE | |
r-patched-linux-x86_64 | 0.2.4 | 32.57 | 32.71 | 65.28 | NOTE | |
r-release-linux-x86_64 | 0.2.4 | 37.78 | 33.50 | 71.28 | NOTE | |
r-release-macos-arm64 | 0.2.4 | 28.00 | NOTE | |||
r-release-windows-x86_64 | 0.2.4 | 28.00 | 65.00 | 93.00 | NOTE | |
r-oldrel-macos-arm64 | 0.2.4 | 30.00 | NOTE | |||
r-oldrel-macos-x86_64 | 0.2.4 | 47.00 | NOTE | |||
r-oldrel-windows-x86_64 | 0.2.4 | 34.00 | 76.00 | 110.00 | NOTE |
Version: 0.2.4
Check: C++ specification
Result: NOTE
Specified C++11: please drop specification unless essential
Flavors: r-devel-linux-x86_64-debian-clang, r-devel-linux-x86_64-debian-gcc, r-devel-linux-x86_64-fedora-clang, r-devel-linux-x86_64-fedora-gcc, r-devel-windows-x86_64, r-patched-linux-x86_64, r-release-linux-x86_64, r-release-macos-arm64, r-release-windows-x86_64, r-oldrel-macos-arm64, r-oldrel-macos-x86_64, r-oldrel-windows-x86_64