Last updated on 2024-05-04 13:49:19 CEST.
Flavor | Version | Tinstall | Tcheck | Ttotal | Status | Flags |
---|---|---|---|---|---|---|
r-devel-linux-x86_64-debian-clang | 2.0.2 | 17.87 | 179.92 | 197.79 | NOTE | |
r-devel-linux-x86_64-debian-gcc | 2.0.2 | 14.19 | 232.35 | 246.54 | OK | |
r-devel-linux-x86_64-fedora-clang | 2.0.2 | 443.22 | OK | |||
r-devel-linux-x86_64-fedora-gcc | 2.0.2 | 391.85 | OK | |||
r-devel-windows-x86_64 | 2.0.2 | 14.00 | 243.00 | 257.00 | OK | |
r-patched-linux-x86_64 | 2.0.2 | 15.49 | 302.03 | 317.52 | OK | |
r-release-linux-x86_64 | 2.0.2 | 15.70 | 291.86 | 307.56 | OK | |
r-release-macos-arm64 | 2.0.2 | 105.00 | NOTE | |||
r-release-windows-x86_64 | 2.0.2 | 13.00 | 226.00 | 239.00 | OK | |
r-oldrel-macos-arm64 | 2.0.2 | 136.00 | NOTE | |||
r-oldrel-macos-x86_64 | 2.0.2 | 355.00 | NOTE | |||
r-oldrel-windows-x86_64 | 2.0.2 | 16.00 | 289.00 | 305.00 | OK |
Version: 2.0.2
Check: package dependencies
Result: NOTE
Packages suggested but not available for checking:
'AnnotationDbi', 'AUCell', 'clusterProfiler', 'enrichplot',
'infercnv', 'Nebulosa', 'org.Hs.eg.db', 'UCell'
Flavor: r-devel-linux-x86_64-debian-clang
Version: 2.0.2
Check: Rd cross-references
Result: NOTE
Packages unavailable to check Rd xrefs: ‘infercnv’, ‘UCell’
Flavor: r-devel-linux-x86_64-debian-clang
Version: 2.0.2
Check: package dependencies
Result: NOTE
Packages suggested but not available for checking:
'AUCell', 'infercnv', 'Nebulosa'
Flavor: r-release-macos-arm64
Version: 2.0.2
Check: Rd cross-references
Result: NOTE
Package unavailable to check Rd xrefs: ‘infercnv’
Flavors: r-release-macos-arm64, r-oldrel-macos-arm64, r-oldrel-macos-x86_64
Version: 2.0.2
Check: package dependencies
Result: NOTE
Packages suggested but not available for checking:
'AUCell', 'decoupleR', 'infercnv', 'Nebulosa'
Flavors: r-oldrel-macos-arm64, r-oldrel-macos-x86_64