Last updated on 2024-05-04 09:49:49 CEST.
Flavor | Version | Tinstall | Tcheck | Ttotal | Status | Flags |
---|---|---|---|---|---|---|
r-devel-linux-x86_64-debian-clang | 0.9-55 | 12.96 | 76.84 | 89.80 | OK | |
r-devel-linux-x86_64-debian-gcc | 0.9-55 | 8.70 | 56.59 | 65.29 | OK | |
r-devel-linux-x86_64-fedora-clang | 0.9-55 | 109.41 | NOTE | |||
r-devel-linux-x86_64-fedora-gcc | 0.9-55 | 116.67 | NOTE | |||
r-devel-windows-x86_64 | 0.9-55 | 12.00 | 73.00 | 85.00 | OK | |
r-patched-linux-x86_64 | 0.9-55 | 10.40 | 74.94 | 85.34 | OK | |
r-release-linux-x86_64 | 0.9-55 | 6.21 | 73.44 | 79.65 | OK | |
r-release-macos-arm64 | 0.9-55 | 39.00 | OK | |||
r-release-windows-x86_64 | 0.9-55 | 11.00 | 71.00 | 82.00 | OK | |
r-oldrel-macos-arm64 | 0.9-55 | 42.00 | OK | |||
r-oldrel-macos-x86_64 | 0.9-55 | 63.00 | OK | |||
r-oldrel-windows-x86_64 | 0.9-55 | 14.00 | 82.00 | 96.00 | OK |
Version: 0.9-55
Check: data for non-ASCII characters
Result: NOTE
Note: found 2 marked UTF-8 strings
Flavors: r-devel-linux-x86_64-fedora-clang, r-devel-linux-x86_64-fedora-gcc