Last updated on 2024-05-04 13:49:20 CEST.
Flavor | Version | Tinstall | Tcheck | Ttotal | Status | Flags |
---|---|---|---|---|---|---|
r-devel-linux-x86_64-debian-clang | 0.1.8 | 167.95 | 117.16 | 285.11 | NOTE | |
r-devel-linux-x86_64-debian-gcc | 0.1.8 | 119.40 | 84.83 | 204.23 | NOTE | |
r-devel-linux-x86_64-fedora-clang | 0.1.8 | 397.53 | NOTE | |||
r-devel-linux-x86_64-fedora-gcc | 0.1.8 | 368.08 | NOTE | |||
r-devel-windows-x86_64 | 0.1.8 | 127.00 | 134.00 | 261.00 | NOTE | |
r-patched-linux-x86_64 | 0.1.8 | 168.27 | 109.30 | 277.57 | NOTE | |
r-release-linux-x86_64 | 0.1.8 | 158.32 | 110.75 | 269.07 | NOTE | |
r-release-macos-arm64 | 0.1.8 | 75.00 | NOTE | |||
r-release-windows-x86_64 | 0.1.8 | 123.00 | 129.00 | 252.00 | NOTE | |
r-oldrel-macos-arm64 | 0.1.8 | 94.00 | NOTE | |||
r-oldrel-macos-x86_64 | 0.1.8 | 150.00 | NOTE | |||
r-oldrel-windows-x86_64 | 0.1.8 | 151.00 | 158.00 | 309.00 | NOTE |
Version: 0.1.8
Check: C++ specification
Result: NOTE
Specified C++11: please drop specification unless essential
Flavors: r-devel-linux-x86_64-debian-clang, r-devel-linux-x86_64-debian-gcc, r-devel-linux-x86_64-fedora-clang, r-devel-linux-x86_64-fedora-gcc, r-devel-windows-x86_64, r-patched-linux-x86_64, r-release-linux-x86_64, r-release-macos-arm64, r-release-windows-x86_64, r-oldrel-macos-arm64, r-oldrel-macos-x86_64, r-oldrel-windows-x86_64