Last updated on 2024-05-04 05:50:34 CEST.
Flavor | Version | Tinstall | Tcheck | Ttotal | Status | Flags |
---|---|---|---|---|---|---|
r-devel-linux-x86_64-debian-clang | 1.4.1 | 0.61 | 2.30 | 2.91 | ERROR | |
r-devel-linux-x86_64-fedora-clang | 1.4.1 | 781.99 | OK | |||
r-devel-linux-x86_64-fedora-gcc | 1.4.1 | 688.82 | OK | |||
r-devel-windows-x86_64 | 1.4.1 | 32.00 | 344.00 | 376.00 | OK | |
r-patched-linux-x86_64 | 1.4.1 | 31.53 | 499.19 | 530.72 | OK | |
r-release-linux-x86_64 | 1.4.1 | 30.85 | 491.76 | 522.61 | OK | |
r-release-macos-arm64 | 1.4.1 | 188.00 | OK | |||
r-release-macos-x86_64 | 1.4.1 | 335.00 | OK | |||
r-release-windows-x86_64 | 1.4.1 | 34.00 | 345.00 | 379.00 | OK | |
r-oldrel-macos-arm64 | 1.4.1 | 9.00 | ERROR | |||
r-oldrel-macos-x86_64 | 1.4.1 | 7.00 | ERROR | |||
r-oldrel-windows-x86_64 | 1.4.1 | 45.00 | 481.00 | 526.00 | OK |
Version: 1.4.1
Check: package dependencies
Result: ERROR
Packages required but not available: 'HTSSIP', 'DESeq2'
See section ‘The DESCRIPTION file’ in the ‘Writing R Extensions’
manual.
Flavor: r-devel-linux-x86_64-debian-clang
Version: 1.4.1
Check: package dependencies
Result: ERROR
Packages required but not available: 'HTSSIP', 'phyloseq'
See section ‘The DESCRIPTION file’ in the ‘Writing R Extensions’
manual.
Flavors: r-oldrel-macos-arm64, r-oldrel-macos-x86_64