Last updated on 2024-05-04 09:49:50 CEST.
Flavor | Version | Tinstall | Tcheck | Ttotal | Status | Flags |
---|---|---|---|---|---|---|
r-devel-linux-x86_64-debian-clang | 1.1.0 | 60.10 | 71.10 | 131.20 | OK | |
r-devel-linux-x86_64-debian-gcc | 1.1.0 | 44.92 | 53.68 | 98.60 | OK | |
r-devel-linux-x86_64-fedora-clang | 1.1.0 | 181.36 | OK | |||
r-devel-linux-x86_64-fedora-gcc | 1.1.0 | 203.35 | NOTE | |||
r-devel-windows-x86_64 | 1.1.0 | 43.00 | 97.00 | 140.00 | OK | |
r-patched-linux-x86_64 | 1.1.0 | 56.06 | 69.07 | 125.13 | OK | |
r-release-linux-x86_64 | 1.1.0 | 55.22 | 66.05 | 121.27 | OK | |
r-release-macos-arm64 | 1.1.0 | 80.00 | OK | |||
r-release-windows-x86_64 | 1.1.0 | 43.00 | 94.00 | 137.00 | OK | |
r-oldrel-macos-arm64 | 1.1.0 | 88.00 | OK | |||
r-oldrel-macos-x86_64 | 1.1.0 | 141.00 | OK | |||
r-oldrel-windows-x86_64 | 1.1.0 | 42.00 | 110.00 | 152.00 | OK |
Version: 1.1.0
Check: for detritus in the temp directory
Result: NOTE
Found the following files/directories:
‘Crashpad’
Flavor: r-devel-linux-x86_64-fedora-gcc