Last updated on 2024-05-04 13:49:20 CEST.
Flavor | Version | Tinstall | Tcheck | Ttotal | Status | Flags |
---|---|---|---|---|---|---|
r-devel-linux-x86_64-debian-clang | 0.0.5 | 24.14 | 185.61 | 209.75 | NOTE | |
r-devel-linux-x86_64-debian-gcc | 0.0.5 | 15.81 | 138.88 | 154.69 | NOTE | |
r-devel-linux-x86_64-fedora-clang | 0.0.5 | 276.75 | NOTE | |||
r-devel-linux-x86_64-fedora-gcc | 0.0.5 | 264.43 | NOTE | |||
r-devel-windows-x86_64 | 0.0.5 | 21.00 | 142.00 | 163.00 | NOTE | |
r-patched-linux-x86_64 | 0.0.5 | 20.78 | 175.13 | 195.91 | NOTE | |
r-release-linux-x86_64 | 0.0.5 | 18.47 | 176.30 | 194.77 | NOTE | |
r-release-macos-arm64 | 0.0.5 | 66.00 | NOTE | |||
r-release-macos-x86_64 | 0.0.5 | 131.00 | NOTE | |||
r-release-windows-x86_64 | 0.0.5 | 19.00 | 139.00 | 158.00 | NOTE | |
r-oldrel-macos-arm64 | 0.0.5 | 72.00 | NOTE | |||
r-oldrel-macos-x86_64 | 0.0.5 | 123.00 | NOTE | |||
r-oldrel-windows-x86_64 | 0.0.5 | 26.00 | 254.00 | 280.00 | NOTE |
Version: 0.0.5
Check: LazyData
Result: NOTE
'LazyData' is specified without a 'data' directory
Flavors: r-devel-linux-x86_64-debian-clang, r-devel-linux-x86_64-debian-gcc, r-devel-linux-x86_64-fedora-clang, r-devel-linux-x86_64-fedora-gcc, r-devel-windows-x86_64, r-patched-linux-x86_64, r-release-linux-x86_64, r-release-macos-arm64, r-release-macos-x86_64, r-release-windows-x86_64, r-oldrel-macos-arm64, r-oldrel-macos-x86_64, r-oldrel-windows-x86_64