Last updated on 2024-05-04 13:49:21 CEST.
Flavor | Version | Tinstall | Tcheck | Ttotal | Status | Flags |
---|---|---|---|---|---|---|
r-devel-linux-x86_64-debian-clang | 2.1-0 | 22.22 | 293.62 | 315.84 | NOTE | |
r-devel-linux-x86_64-debian-gcc | 2.1-0 | 17.75 | 225.59 | 243.34 | OK | |
r-devel-linux-x86_64-fedora-clang | 2.1-0 | 427.36 | OK | |||
r-devel-linux-x86_64-fedora-gcc | 2.1-0 | 403.61 | OK | |||
r-devel-windows-x86_64 | 2.1-0 | 19.00 | 222.00 | 241.00 | OK | |
r-patched-linux-x86_64 | 2.1-0 | 14.38 | 294.65 | 309.03 | OK | |
r-release-linux-x86_64 | 2.1-0 | 14.57 | 294.33 | 308.90 | OK | |
r-release-macos-arm64 | 2.1-0 | 104.00 | NOTE | |||
r-release-windows-x86_64 | 2.1-0 | 20.00 | 227.00 | 247.00 | OK | |
r-oldrel-macos-arm64 | 2.1-0 | 114.00 | NOTE | |||
r-oldrel-macos-x86_64 | 2.1-0 | 177.00 | NOTE | |||
r-oldrel-windows-x86_64 | 2.1-0 | 26.00 | 287.00 | 313.00 | OK |
Version: 2.1-0
Check: package dependencies
Result: NOTE
Packages suggested but not available for checking:
'biomaRt', 'VariantAnnotation', 'GenomicRanges', 'org.Hs.eg.db',
'TxDb.Hsapiens.UCSC.hg19.knownGene'
Flavor: r-devel-linux-x86_64-debian-clang
Version: 2.1-0
Check: package dependencies
Result: NOTE
Package suggested but not available for checking: ‘TxDb.Hsapiens.UCSC.hg19.knownGene’
Flavor: r-release-macos-arm64
Version: 2.1-0
Check: package dependencies
Result: NOTE
Packages suggested but not available for checking:
'VariantAnnotation', 'TxDb.Hsapiens.UCSC.hg19.knownGene'
Flavor: r-oldrel-macos-arm64
Version: 2.1-0
Check: package dependencies
Result: NOTE
Packages suggested but not available for checking:
'VariantAnnotation', 'org.Hs.eg.db',
'TxDb.Hsapiens.UCSC.hg19.knownGene'
Flavor: r-oldrel-macos-x86_64