Last updated on 2024-05-04 09:49:50 CEST.
Flavor | Version | Tinstall | Tcheck | Ttotal | Status | Flags |
---|---|---|---|---|---|---|
r-devel-linux-x86_64-debian-clang | 1.1.2 | 17.58 | 123.42 | 141.00 | OK | |
r-devel-linux-x86_64-debian-gcc | 1.1.2 | 11.53 | 90.85 | 102.38 | OK | |
r-devel-linux-x86_64-fedora-clang | 1.1.2 | 169.47 | NOTE | |||
r-devel-linux-x86_64-fedora-gcc | 1.1.2 | 161.97 | NOTE | |||
r-devel-windows-x86_64 | 1.1.2 | 15.00 | 103.00 | 118.00 | OK | |
r-patched-linux-x86_64 | 1.1.2 | 13.64 | 116.79 | 130.43 | OK | |
r-release-linux-x86_64 | 1.1.2 | 9.47 | 114.88 | 124.35 | OK | |
r-release-macos-arm64 | 1.1.2 | 43.00 | OK | |||
r-release-windows-x86_64 | 1.1.2 | 12.00 | 100.00 | 112.00 | OK | |
r-oldrel-macos-arm64 | 1.1.2 | 51.00 | OK | |||
r-oldrel-macos-x86_64 | 1.1.2 | 84.00 | OK | |||
r-oldrel-windows-x86_64 | 1.1.2 | 18.00 | 125.00 | 143.00 | OK |
Version: 1.1.2
Check: dependencies in R code
Result: NOTE
Namespace in Imports field not imported from: ‘rlist’
All declared Imports should be used.
Flavors: r-devel-linux-x86_64-fedora-clang, r-devel-linux-x86_64-fedora-gcc