Last updated on 2024-05-04 09:49:50 CEST.
Flavor | Version | Tinstall | Tcheck | Ttotal | Status | Flags |
---|---|---|---|---|---|---|
r-devel-linux-x86_64-debian-clang | 1.2.1 | 51.35 | 513.10 | 564.45 | OK | |
r-devel-linux-x86_64-debian-gcc | 1.2.1 | 46.60 | 361.80 | 408.40 | OK | |
r-devel-linux-x86_64-fedora-clang | 1.2.1 | 735.51 | NOTE | |||
r-devel-linux-x86_64-fedora-gcc | 1.2.1 | 689.78 | OK | |||
r-devel-windows-x86_64 | 1.2.1 | 46.00 | 384.00 | 430.00 | OK | |
r-patched-linux-x86_64 | 1.2.1 | 47.55 | 476.52 | 524.07 | OK | |
r-release-linux-x86_64 | 1.2.1 | 43.72 | 482.75 | 526.47 | OK | |
r-release-macos-arm64 | 1.2.1 | 138.00 | OK | |||
r-release-windows-x86_64 | 1.2.1 | 46.00 | 352.00 | 398.00 | OK | |
r-oldrel-macos-arm64 | 1.2.1 | 114.00 | OK | |||
r-oldrel-macos-x86_64 | 1.2.1 | 241.00 | OK | |||
r-oldrel-windows-x86_64 | 1.2.1 | 64.00 | 425.00 | 489.00 | OK |
Version: 1.2.1
Check: package dependencies
Result: NOTE
Imports includes 35 non-default packages.
Importing from so many packages makes the package vulnerable to any of
them becoming unavailable. Move as many as possible to Suggests and
use conditionally.
Flavor: r-devel-linux-x86_64-fedora-clang