Last updated on 2024-05-04 13:49:21 CEST.
Flavor | Version | Tinstall | Tcheck | Ttotal | Status | Flags |
---|---|---|---|---|---|---|
r-devel-linux-x86_64-debian-clang | 1.2 | 35.42 | 28.69 | 64.11 | NOTE | |
r-devel-linux-x86_64-debian-gcc | 1.2 | 28.31 | 22.39 | 50.70 | NOTE | |
r-devel-linux-x86_64-fedora-clang | 1.2 | 104.98 | NOTE | |||
r-devel-linux-x86_64-fedora-gcc | 1.2 | 94.89 | NOTE | |||
r-devel-windows-x86_64 | 1.2 | 32.00 | 64.00 | 96.00 | NOTE | |
r-patched-linux-x86_64 | 1.2 | 43.04 | 28.12 | 71.16 | NOTE | |
r-release-linux-x86_64 | 1.2 | 34.89 | 28.17 | 63.06 | NOTE | |
r-release-macos-arm64 | 1.2 | 25.00 | NOTE | |||
r-release-windows-x86_64 | 1.2 | 33.00 | 64.00 | 97.00 | NOTE | |
r-oldrel-macos-arm64 | 1.2 | 27.00 | NOTE | |||
r-oldrel-macos-x86_64 | 1.2 | 43.00 | NOTE | |||
r-oldrel-windows-x86_64 | 1.2 | 40.00 | 73.00 | 113.00 | NOTE |
Version: 1.2
Check: C++ specification
Result: NOTE
Specified C++11: please drop specification unless essential
Flavors: r-devel-linux-x86_64-debian-clang, r-devel-linux-x86_64-debian-gcc, r-devel-linux-x86_64-fedora-clang, r-devel-linux-x86_64-fedora-gcc, r-devel-windows-x86_64, r-patched-linux-x86_64, r-release-linux-x86_64, r-release-macos-arm64, r-release-windows-x86_64, r-oldrel-macos-arm64, r-oldrel-macos-x86_64, r-oldrel-windows-x86_64