Last updated on 2024-05-04 13:49:21 CEST.
Flavor | Version | Tinstall | Tcheck | Ttotal | Status | Flags |
---|---|---|---|---|---|---|
r-devel-linux-x86_64-debian-clang | 0.0.3 | 38.80 | 215.39 | 254.19 | OK | |
r-devel-linux-x86_64-debian-gcc | 0.0.3 | 26.89 | 158.75 | 185.64 | OK | |
r-devel-linux-x86_64-fedora-clang | 0.0.3 | 316.99 | NOTE | |||
r-devel-linux-x86_64-fedora-gcc | 0.0.3 | 316.34 | OK | |||
r-devel-windows-x86_64 | 0.0.3 | 21.00 | 146.00 | 167.00 | OK | |
r-patched-linux-x86_64 | 0.0.3 | 27.52 | 209.48 | 237.00 | OK | |
r-release-linux-x86_64 | 0.0.3 | 24.34 | 209.31 | 233.65 | OK | |
r-release-macos-arm64 | 0.0.3 | 86.00 | OK | |||
r-release-windows-x86_64 | 0.0.3 | 19.00 | 144.00 | 163.00 | OK | |
r-oldrel-macos-arm64 | 0.0.3 | 87.00 | OK | |||
r-oldrel-macos-x86_64 | 0.0.3 | 172.00 | OK | |||
r-oldrel-windows-x86_64 | 0.0.3 | 29.00 | 228.00 | 257.00 | OK |
Version: 0.0.3
Check: installed package size
Result: NOTE
installed size is 5.0Mb
sub-directories of 1Mb or more:
extdata 4.2Mb
Flavor: r-devel-linux-x86_64-fedora-clang