Last updated on 2024-05-04 13:49:19 CEST.
Flavor | Version | Tinstall | Tcheck | Ttotal | Status | Flags |
---|---|---|---|---|---|---|
r-devel-linux-x86_64-debian-clang | 0.1 | 7.02 | 67.62 | 74.64 | NOTE | |
r-devel-linux-x86_64-debian-gcc | 0.1 | 6.60 | 51.86 | 58.46 | NOTE | |
r-devel-linux-x86_64-fedora-clang | 0.1 | 93.26 | NOTE | |||
r-devel-linux-x86_64-fedora-gcc | 0.1 | 89.28 | NOTE | |||
r-devel-windows-x86_64 | 0.1 | 7.00 | 67.00 | 74.00 | NOTE | |
r-patched-linux-x86_64 | 0.1 | 7.30 | 63.82 | 71.12 | NOTE | |
r-release-linux-x86_64 | 0.1 | 6.96 | 64.71 | 71.67 | NOTE | |
r-release-macos-arm64 | 0.1 | 30.00 | NOTE | |||
r-release-windows-x86_64 | 0.1 | 8.00 | 67.00 | 75.00 | NOTE | |
r-oldrel-macos-arm64 | 0.1 | 33.00 | NOTE | |||
r-oldrel-macos-x86_64 | 0.1 | 51.00 | NOTE | |||
r-oldrel-windows-x86_64 | 0.1 | 10.00 | 75.00 | 85.00 | NOTE |
Version: 0.1
Check: LazyData
Result: NOTE
'LazyData' is specified without a 'data' directory
Flavors: r-devel-linux-x86_64-debian-clang, r-devel-linux-x86_64-debian-gcc, r-devel-linux-x86_64-fedora-clang, r-devel-linux-x86_64-fedora-gcc, r-devel-windows-x86_64, r-patched-linux-x86_64, r-release-linux-x86_64, r-release-macos-arm64, r-release-windows-x86_64, r-oldrel-macos-arm64, r-oldrel-macos-x86_64, r-oldrel-windows-x86_64