Last updated on 2024-05-04 09:49:49 CEST.
Flavor | Version | Tinstall | Tcheck | Ttotal | Status | Flags |
---|---|---|---|---|---|---|
r-devel-linux-x86_64-debian-clang | 1.1.3 | 2.24 | 43.94 | 46.18 | NOTE | |
r-devel-linux-x86_64-debian-gcc | 1.1.3 | 1.99 | 32.75 | 34.74 | NOTE | |
r-devel-linux-x86_64-fedora-clang | 1.1.3 | 58.93 | NOTE | |||
r-devel-linux-x86_64-fedora-gcc | 1.1.3 | 66.83 | NOTE | |||
r-devel-windows-x86_64 | 1.1.3 | 4.00 | 52.00 | 56.00 | NOTE | |
r-patched-linux-x86_64 | 1.1.3 | 2.51 | 41.85 | 44.36 | NOTE | |
r-release-linux-x86_64 | 1.1.3 | 2.16 | 41.46 | 43.62 | NOTE | |
r-release-macos-arm64 | 1.1.3 | 27.00 | NOTE | |||
r-release-windows-x86_64 | 1.1.3 | 3.00 | 52.00 | 55.00 | NOTE | |
r-oldrel-macos-arm64 | 1.1.3 | 29.00 | NOTE | |||
r-oldrel-macos-x86_64 | 1.1.3 | 41.00 | NOTE | |||
r-oldrel-windows-x86_64 | 1.1.3 | 3.00 | 54.00 | 57.00 | NOTE |
Version: 1.1.3
Check: package subdirectories
Result: NOTE
Problems with news in ‘NEWS.md’:
No news entries found.
Flavors: r-devel-linux-x86_64-debian-clang, r-devel-linux-x86_64-debian-gcc, r-devel-linux-x86_64-fedora-clang, r-devel-linux-x86_64-fedora-gcc, r-devel-windows-x86_64, r-patched-linux-x86_64, r-release-linux-x86_64, r-release-macos-arm64, r-release-windows-x86_64, r-oldrel-macos-arm64, r-oldrel-macos-x86_64, r-oldrel-windows-x86_64