Last updated on 2024-05-04 13:49:20 CEST.
Flavor | Version | Tinstall | Tcheck | Ttotal | Status | Flags |
---|---|---|---|---|---|---|
r-devel-linux-x86_64-debian-clang | 1.1.3 | 84.25 | 76.53 | 160.78 | OK | |
r-devel-linux-x86_64-debian-gcc | 1.1.3 | 69.90 | 57.47 | 127.37 | OK | |
r-devel-linux-x86_64-fedora-clang | 1.1.3 | 242.55 | NOTE | |||
r-devel-linux-x86_64-fedora-gcc | 1.1.3 | 220.70 | NOTE | |||
r-devel-windows-x86_64 | 1.1.3 | 76.00 | 117.00 | 193.00 | NOTE | |
r-patched-linux-x86_64 | 1.1.3 | 87.15 | 76.45 | 163.60 | OK | |
r-release-linux-x86_64 | 1.1.3 | 82.81 | 75.52 | 158.33 | OK | |
r-release-macos-arm64 | 1.1.3 | 65.00 | NOTE | |||
r-release-windows-x86_64 | 1.1.3 | 77.00 | 116.00 | 193.00 | NOTE | |
r-oldrel-macos-arm64 | 1.1.3 | 76.00 | NOTE | |||
r-oldrel-macos-x86_64 | 1.1.3 | 106.00 | NOTE | |||
r-oldrel-windows-x86_64 | 1.1.3 | 95.00 | 134.00 | 229.00 | NOTE |
Version: 1.1.3
Check: installed package size
Result: NOTE
installed size is 5.3Mb
sub-directories of 1Mb or more:
data 4.7Mb
Flavors: r-devel-linux-x86_64-fedora-clang, r-devel-windows-x86_64, r-release-macos-arm64, r-release-windows-x86_64, r-oldrel-macos-arm64, r-oldrel-macos-x86_64, r-oldrel-windows-x86_64
Version: 1.1.3
Check: dependencies in R code
Result: NOTE
Namespace in Imports field not imported from: ‘Rdpack’
All declared Imports should be used.
Flavors: r-devel-linux-x86_64-fedora-clang, r-devel-linux-x86_64-fedora-gcc