Last updated on 2024-05-04 09:49:49 CEST.
Flavor | Version | Tinstall | Tcheck | Ttotal | Status | Flags |
---|---|---|---|---|---|---|
r-devel-linux-x86_64-debian-clang | 1.5.1 | 24.57 | 186.34 | 210.91 | OK | |
r-devel-linux-x86_64-debian-gcc | 1.5.1 | 21.02 | 140.39 | 161.41 | OK | |
r-devel-linux-x86_64-fedora-clang | 1.5.1 | 262.71 | OK | |||
r-devel-linux-x86_64-fedora-gcc | 1.5.1 | 251.42 | OK | |||
r-devel-windows-x86_64 | 1.5.1 | 21.00 | 160.00 | 181.00 | OK | |
r-patched-linux-x86_64 | 1.5.1 | 32.66 | 183.64 | 216.30 | OK | |
r-release-linux-x86_64 | 1.5.1 | 15.70 | 182.49 | 198.19 | OK | |
r-release-macos-arm64 | 1.5.1 | 71.00 | OK | |||
r-release-macos-x86_64 | 1.5.1 | 207.00 | NOTE | |||
r-release-windows-x86_64 | 1.5.1 | 23.00 | 157.00 | 180.00 | OK | |
r-oldrel-macos-arm64 | 1.5.1 | 85.00 | OK | |||
r-oldrel-macos-x86_64 | 1.5.1 | 200.00 | NOTE | |||
r-oldrel-windows-x86_64 | 1.5.1 | 29.00 | 202.00 | 231.00 | OK |
Version: 1.5.1
Check: installed package size
Result: NOTE
installed size is 5.2Mb
sub-directories of 1Mb or more:
ShinyItemAnalysis 2.3Mb
data 2.1Mb
Flavors: r-release-macos-x86_64, r-oldrel-macos-x86_64